[Mon Oct 28 11:34:46.184700 2024] [php7:notice] [pid 9572:tid 1816] [client 172.70.214.43:51388] PHP Deprecated: Array and string offset access syntax with curly braces is deprecated in C:\\xampp\\htdocs\\discuz\\include\\common.inc.php on line 42, referer: http://fredkuo.idv.tw/discuz/space.php
[Mon Oct 28 11:43:13.705133 2024] [php7:notice] [pid 9572:tid 1904] [client 141.101.69.22:18224] PHP Deprecated: Array and string offset access syntax with curly braces is deprecated in C:\\xampp\\htdocs\\discuz\\include\\common.inc.php on line 42, referer: http://fredkuo.idv.tw/discuz/space.php
[Mon Oct 28 11:44:50.542231 2024] [authz_core:error] [pid 9572:tid 1888] [client 172.69.23.111:63496] AH01630: client denied by server configuration: C:/xampp/webalizer/, referer: https://bc2best.gl/
[Mon Oct 28 11:50:03.356976 2024] [php7:notice] [pid 9572:tid 1888] [client 172.71.183.186:54466] PHP Deprecated: Array and string offset access syntax with curly braces is deprecated in C:\\xampp\\htdocs\\discuz\\viewthread.php on line 232
[Mon Oct 28 11:50:03.356976 2024] [php7:notice] [pid 9572:tid 1888] [client 172.71.183.186:54466] PHP Deprecated: Array and string offset access syntax with curly braces is deprecated in C:\\xampp\\htdocs\\discuz\\viewthread.php on line 233
[Mon Oct 28 11:50:03.356976 2024] [php7:notice] [pid 9572:tid 1888] [client 172.71.183.186:54466] PHP Deprecated: Array and string offset access syntax with curly braces is deprecated in C:\\xampp\\htdocs\\discuz\\viewthread.php on line 233
[Mon Oct 28 11:50:03.356976 2024] [php7:notice] [pid 9572:tid 1888] [client 172.71.183.186:54466] PHP Deprecated: Array and string offset access syntax with curly braces is deprecated in C:\\xampp\\htdocs\\discuz\\viewthread.php on line 233
[Mon Oct 28 11:50:03.356976 2024] [php7:notice] [pid 9572:tid 1888] [client 172.71.183.186:54466] PHP Deprecated: Array and string offset access syntax with curly braces is deprecated in C:\\xampp\\htdocs\\discuz\\viewthread.php on line 234
[Mon Oct 28 11:50:03.356976 2024] [php7:notice] [pid 9572:tid 1888] [client 172.71.183.186:54466] PHP Deprecated: Array and string offset access syntax with curly braces is deprecated in C:\\xampp\\htdocs\\discuz\\viewthread.php on line 234
[Mon Oct 28 11:50:03.356976 2024] [php7:notice] [pid 9572:tid 1888] [client 172.71.183.186:54466] PHP Deprecated: Array and string offset access syntax with curly braces is deprecated in C:\\xampp\\htdocs\\discuz\\viewthread.php on line 234
[Mon Oct 28 11:50:03.356976 2024] [php7:notice] [pid 9572:tid 1888] [client 172.71.183.186:54466] PHP Deprecated: Array and string offset access syntax with curly braces is deprecated in C:\\xampp\\htdocs\\discuz\\viewthread.php on line 235
[Mon Oct 28 11:50:03.356976 2024] [php7:notice] [pid 9572:tid 1888] [client 172.71.183.186:54466] PHP Deprecated: Array and string offset access syntax with curly braces is deprecated in C:\\xampp\\htdocs\\discuz\\viewthread.php on line 235
[Mon Oct 28 11:50:03.356976 2024] [php7:notice] [pid 9572:tid 1888] [client 172.71.183.186:54466] PHP Deprecated: Array and string offset access syntax with curly braces is deprecated in C:\\xampp\\htdocs\\discuz\\viewthread.php on line 235
[Mon Oct 28 11:50:03.356976 2024] [php7:notice] [pid 9572:tid 1888] [client 172.71.183.186:54466] PHP Deprecated: Array and string offset access syntax with curly braces is deprecated in C:\\xampp\\htdocs\\discuz\\include\\common.inc.php on line 42
[Mon Oct 28 11:59:34.458804 2024] [php7:notice] [pid 9572:tid 1888] [client 172.69.70.158:25922] PHP Deprecated: Array and string offset access syntax with curly braces is deprecated in C:\\xampp\\htdocs\\discuz\\include\\common.inc.php on line 42
[Mon Oct 28 12:01:14.722889 2024] [authz_core:error] [pid 9572:tid 1904] [client 172.71.158.30:42336] AH01630: client denied by server configuration: C:/xampp/webalizer/, referer: https://bs2site.is
[Mon Oct 28 12:01:15.285256 2024] [php7:notice] [pid 9572:tid 1888] [client 172.71.190.160:62836] PHP Deprecated: Array and string offset access syntax with curly braces is deprecated in C:\\xampp\\htdocs\\discuz\\post.php on line 234
[Mon Oct 28 12:01:15.285256 2024] [php7:notice] [pid 9572:tid 1888] [client 172.71.190.160:62836] PHP Deprecated: Array and string offset access syntax with curly braces is deprecated in C:\\xampp\\htdocs\\discuz\\post.php on line 235
[Mon Oct 28 12:01:15.285256 2024] [php7:notice] [pid 9572:tid 1888] [client 172.71.190.160:62836] PHP Deprecated: Array and string offset access syntax with curly braces is deprecated in C:\\xampp\\htdocs\\discuz\\include\\common.inc.php on line 42
[Mon Oct 28 12:12:36.964804 2024] [cgi:error] [pid 9572:tid 1816] [client 172.69.195.72:40786] malformed header from script 'php-cgi.exe': Bad header: <br />
[Mon Oct 28 12:12:36.964804 2024] [cgi:error] [pid 9572:tid 1816] [client 172.69.195.72:40786] AH01215: PHP Deprecated: Directive 'allow_url_include' is deprecated in Unknown on line 0: C:/xampp/php/php-cgi.exe
[Mon Oct 28 12:12:37.121017 2024] [cgi:error] [pid 9572:tid 1732] [client 172.69.151.153:41580] malformed header from script 'php-cgi.exe': Bad header: <br />
[Mon Oct 28 12:12:37.121017 2024] [cgi:error] [pid 9572:tid 1732] [client 172.69.151.153:41580] AH01215: PHP Deprecated: Directive 'allow_url_include' is deprecated in Unknown on line 0: C:/xampp/php/php-cgi.exe
[Mon Oct 28 12:12:40.229656 2024] [authz_core:error] [pid 9572:tid 1804] [client 172.69.195.242:34536] AH01630: client denied by server configuration: C:/xampp/htdocs/server-status
[Mon Oct 28 12:12:40.667054 2024] [authz_core:error] [pid 9572:tid 1844] [client 172.71.123.55:15228] AH01630: client denied by server configuration: C:/xampp/htdocs/server-status
[Mon Oct 28 12:15:25.947625 2024] [php7:notice] [pid 9572:tid 1888] [client 172.68.238.41:55104] PHP Deprecated: Array and string offset access syntax with curly braces is deprecated in C:\\xampp\\htdocs\\discuz\\include\\common.inc.php on line 42
[Mon Oct 28 12:23:40.686394 2024] [cgi:error] [pid 9572:tid 1804] [client 141.98.11.67:58850] AH02811: script not found or unable to stat: C:/xampp/cgi-bin/hotspotlogin.cgi
[Mon Oct 28 12:31:08.015694 2024] [php7:notice] [pid 9572:tid 1888] [client 172.69.34.35:61756] PHP Deprecated: Array and string offset access syntax with curly braces is deprecated in C:\\xampp\\htdocs\\discuz\\include\\common.inc.php on line 42, referer: http://fredkuo.idv.tw/discuz/space.php
[Mon Oct 28 12:36:08.392288 2024] [php7:notice] [pid 9572:tid 1804] [client 172.70.134.8:64840] PHP Deprecated: Array and string offset access syntax with curly braces is deprecated in C:\\xampp\\htdocs\\discuz\\include\\common.inc.php on line 42
[Mon Oct 28 12:39:39.977410 2024] [authz_core:error] [pid 9572:tid 1804] [client 172.71.158.76:9760] AH01630: client denied by server configuration: C:/xampp/webalizer/, referer: https://bc2cite.at/
[Mon Oct 28 12:40:39.563558 2024] [cgi:error] [pid 9572:tid 1888] [client 5.181.190.29:40998] AH02811: script not found or unable to stat: C:/xampp/cgi-bin/luci
[Mon Oct 28 12:43:57.758722 2024] [php7:notice] [pid 9572:tid 1888] [client 172.69.223.24:27110] PHP Deprecated: Array and string offset access syntax with curly braces is deprecated in C:\\xampp\\htdocs\\discuz\\include\\common.inc.php on line 42, referer: http://fredkuo.idv.tw/discuz/space.php
[Mon Oct 28 12:44:16.113755 2024] [php7:error] [pid 9572:tid 1804] [client 172.70.143.190:46728] script 'C:/xampp/htdocs/xmlrpc.php' not found or unable to stat
[Mon Oct 28 12:46:48.426961 2024] [php7:notice] [pid 9572:tid 1888] [client 172.68.245.227:36232] PHP Deprecated: Array and string offset access syntax with curly braces is deprecated in C:\\xampp\\htdocs\\discuz\\include\\common.inc.php on line 42
[Mon Oct 28 12:50:07.135380 2024] [php7:notice] [pid 9572:tid 1888] [client 172.70.207.55:55020] PHP Deprecated: Array and string offset access syntax with curly braces is deprecated in C:\\xampp\\htdocs\\discuz\\include\\common.inc.php on line 42, referer: http://fredkuo.idv.tw/discuz/space.php
[Mon Oct 28 12:50:32.226587 2024] [authz_core:error] [pid 9572:tid 1804] [client 172.69.23.21:11352] AH01630: client denied by server configuration: C:/xampp/webalizer/, referer: https://bc2cite.at
[Mon Oct 28 12:55:20.336107 2024] [php7:notice] [pid 9572:tid 1716] [client 172.70.175.18:46444] PHP Deprecated: Array and string offset access syntax with curly braces is deprecated in C:\\xampp\\htdocs\\discuz\\include\\common.inc.php on line 42
[Mon Oct 28 12:58:25.659228 2024] [authz_core:error] [pid 9572:tid 1804] [client 172.69.135.65:47162] AH01630: client denied by server configuration: C:/xampp/webalizer/, referer: https://bs2site.is
[Mon Oct 28 12:59:52.186232 2024] [php7:error] [pid 9572:tid 1684] [client 162.158.163.142:43510] script 'C:/xampp/htdocs/lock360.php' not found or unable to stat, referer: www.google.com
[Mon Oct 28 12:59:52.467414 2024] [php7:notice] [pid 9572:tid 1896] [client 162.158.23.24:36586] PHP Deprecated: Array and string offset access syntax with curly braces is deprecated in C:\\xampp\\htdocs\\discuz\\include\\common.inc.php on line 42, referer: http://fredkuo.idv.tw/discuz/space.php
[Mon Oct 28 12:59:52.576763 2024] [php7:error] [pid 9572:tid 1836] [client 162.158.162.35:23196] script 'C:/xampp/htdocs/Mshell.php' not found or unable to stat, referer: www.google.com
[Mon Oct 28 12:59:53.342209 2024] [php7:error] [pid 9572:tid 1688] [client 172.68.242.47:28984] script 'C:/xampp/htdocs/.wp-themes.php' not found or unable to stat, referer: www.google.com
[Mon Oct 28 12:59:54.107653 2024] [php7:error] [pid 9572:tid 1716] [client 162.158.106.144:63232] script 'C:/xampp/htdocs/edit-comments.php' not found or unable to stat, referer: www.google.com
[Mon Oct 28 12:59:54.873097 2024] [php7:error] [pid 9572:tid 1808] [client 172.70.147.147:31102] script 'C:/xampp/htdocs/heex.php' not found or unable to stat, referer: www.google.com
[Mon Oct 28 12:59:55.248007 2024] [php7:error] [pid 9572:tid 1840] [client 162.158.162.88:26144] script 'C:/xampp/htdocs/inputs.php' not found or unable to stat, referer: www.google.com
[Mon Oct 28 12:59:56.044693 2024] [cgi:error] [pid 9572:tid 1752] [client 162.158.170.197:45136] AH02811: script not found or unable to stat: C:/xampp/cgi-bin/install.php, referer: www.google.com
[Mon Oct 28 12:59:56.435229 2024] [php7:error] [pid 9572:tid 1776] [client 108.162.226.82:60692] script 'C:/xampp/htdocs/alfanew.php' not found or unable to stat, referer: www.google.com
[Mon Oct 28 12:59:59.341388 2024] [php7:error] [pid 9572:tid 1716] [client 162.158.190.87:30828] script 'C:/xampp/htdocs/filefuns.php' not found or unable to stat, referer: www.google.com
[Mon Oct 28 12:59:59.638191 2024] [php7:error] [pid 9572:tid 1724] [client 108.162.226.208:36286] script 'C:/xampp/htdocs/qinfofuns.php' not found or unable to stat, referer: www.google.com
[Mon Oct 28 12:59:59.934996 2024] [php7:error] [pid 9572:tid 1804] [client 172.70.142.106:38034] script 'C:/xampp/htdocs/tempfuns.php' not found or unable to stat, referer: www.google.com
[Mon Oct 28 13:00:00.325527 2024] [php7:error] [pid 9572:tid 1808] [client 108.162.226.14:38216] script 'C:/xampp/htdocs/comdofuns.php' not found or unable to stat, referer: www.google.com
[Mon Oct 28 13:00:00.731682 2024] [php7:error] [pid 9572:tid 1840] [client 172.71.81.8:65170] script 'C:/xampp/htdocs/userfuns.php' not found or unable to stat, referer: www.google.com
[Mon Oct 28 13:00:01.153457 2024] [php7:error] [pid 9572:tid 1792] [client 172.68.242.47:13936] script 'C:/xampp/htdocs/hinfofuns.php' not found or unable to stat, referer: www.google.com
[Mon Oct 28 13:00:01.543991 2024] [php7:error] [pid 9572:tid 1752] [client 162.158.106.135:40998] script 'C:/xampp/htdocs/onclickfuns.php' not found or unable to stat, referer: www.google.com
[Mon Oct 28 13:00:01.934523 2024] [php7:error] [pid 9572:tid 1776] [client 172.71.124.189:49448] script 'C:/xampp/htdocs/chtmlfuns.php' not found or unable to stat, referer: www.google.com
[Mon Oct 28 13:00:03.090499 2024] [php7:error] [pid 9572:tid 1896] [client 162.158.189.138:57644] script 'C:/xampp/htdocs/my1.php' not found or unable to stat, referer: www.google.com
[Mon Oct 28 13:00:03.481034 2024] [cgi:error] [pid 9572:tid 1760] [client 162.158.106.29:10766] AH02811: script not found or unable to stat: C:/xampp/cgi-bin/my1.php, referer: www.google.com
[Mon Oct 28 13:00:03.855944 2024] [php7:error] [pid 9572:tid 1688] [client 172.71.124.247:19110] script 'C:/xampp/htdocs/.well-known/acme-challenge/my1.php' not found or unable to stat, referer: www.google.com
[Mon Oct 28 13:00:04.668250 2024] [cgi:error] [pid 9572:tid 1716] [client 172.70.142.136:54788] AH02811: script not found or unable to stat: C:/xampp/cgi-bin/mariju.php, referer: www.google.com
[Mon Oct 28 13:00:05.293102 2024] [php7:error] [pid 9572:tid 1804] [client 172.71.81.100:62068] script 'C:/xampp/htdocs/.well-known/acme-challenge/mariju.php' not found or unable to stat, referer: www.google.com
[Mon Oct 28 13:00:11.682217 2024] [php7:error] [pid 9572:tid 1792] [client 162.158.163.74:14758] script 'C:/xampp/htdocs/wp-apxupx.php' not found or unable to stat, referer: www.google.com
[Mon Oct 28 13:00:16.665413 2024] [php7:error] [pid 9572:tid 1840] [client 172.70.142.31:26024] script 'C:/xampp/htdocs/.well-known/acme-challenge/atomlib.php' not found or unable to stat, referer: www.google.com
[Mon Oct 28 13:00:17.352751 2024] [php7:error] [pid 9572:tid 1724] [client 172.71.124.247:43740] script 'C:/xampp/htdocs/atomlib.php' not found or unable to stat, referer: www.google.com
[Mon Oct 28 13:00:20.883167 2024] [php7:error] [pid 9572:tid 1760] [client 172.71.124.62:11988] script 'C:/xampp/htdocs/.well-known/acme-challenge/plugins.php' not found or unable to stat, referer: www.google.com
[Mon Oct 28 13:00:27.602502 2024] [cgi:error] [pid 9572:tid 1816] [client 172.71.124.131:15244] AH02811: script not found or unable to stat: C:/xampp/cgi-bin/plugins.php, referer: www.google.com
[Mon Oct 28 13:00:28.742857 2024] [php7:error] [pid 9572:tid 1688] [client 162.158.163.24:52348] script 'C:/xampp/htdocs/wp.php' not found or unable to stat, referer: www.google.com
[Mon Oct 28 13:00:30.648657 2024] [php7:error] [pid 9572:tid 1752] [client 162.158.106.173:57652] script 'C:/xampp/htdocs/.well-known/shell20211028.php' not found or unable to stat, referer: www.google.com
[Mon Oct 28 13:00:31.226645 2024] [php7:error] [pid 9572:tid 1792] [client 172.71.81.100:43214] script 'C:/xampp/htdocs/.well-known/acme-challenge/shell20211028.php' not found or unable to stat, referer: www.google.com
[Mon Oct 28 13:00:34.397768 2024] [php7:error] [pid 9572:tid 1724] [client 172.70.92.178:44702] script 'C:/xampp/htdocs/.well-known/bala.php' not found or unable to stat, referer: www.google.com
[Mon Oct 28 13:00:34.632090 2024] [php7:error] [pid 9572:tid 1740] [client 162.158.189.139:55490] script 'C:/xampp/htdocs/bala.php' not found or unable to stat, referer: www.google.com
[Mon Oct 28 13:00:35.381912 2024] [php7:error] [pid 9572:tid 1808] [client 162.158.189.52:14406] script 'C:/xampp/htdocs/.well-known/acme-challenge/bala.php' not found or unable to stat, referer: www.google.com
[Mon Oct 28 13:00:35.788064 2024] [php7:error] [pid 9572:tid 1776] [client 172.69.166.17:56882] script 'C:/xampp/htdocs/wp-mail.php' not found or unable to stat, referer: www.google.com
[Mon Oct 28 13:00:36.162977 2024] [php7:error] [pid 9572:tid 1752] [client 172.71.124.246:32064] script 'C:/xampp/htdocs/filefuns.php' not found or unable to stat, referer: www.google.com
[Mon Oct 28 13:00:36.928420 2024] [php7:error] [pid 9572:tid 1716] [client 162.158.189.7:18220] script 'C:/xampp/htdocs/wp-commentin.php' not found or unable to stat, referer: www.google.com
[Mon Oct 28 13:00:37.709487 2024] [php7:error] [pid 9572:tid 1840] [client 172.70.147.112:28944] script 'C:/xampp/htdocs/wordpress/wp-commentin.php' not found or unable to stat, referer: www.google.com
[Mon Oct 28 13:00:39.474694 2024] [php7:error] [pid 9572:tid 1688] [client 162.158.163.208:26178] script 'C:/xampp/htdocs/woh.php' not found or unable to stat, referer: www.google.com
[Mon Oct 28 13:00:39.849604 2024] [php7:error] [pid 9572:tid 1740] [client 172.71.81.99:39944] script 'C:/xampp/htdocs/edit.php' not found or unable to stat, referer: www.google.com
[Mon Oct 28 13:00:40.068304 2024] [php7:error] [pid 9572:tid 1732] [client 172.71.82.117:55014] script 'C:/xampp/htdocs/pi.php' not found or unable to stat, referer: www.google.com
[Mon Oct 28 13:00:40.287002 2024] [php7:error] [pid 9572:tid 1752] [client 172.71.124.246:32064] script 'C:/xampp/htdocs/include.php' not found or unable to stat, referer: www.google.com
[Mon Oct 28 13:00:40.661912 2024] [php7:error] [pid 9572:tid 1808] [client 162.158.106.127:62688] script 'C:/xampp/htdocs/cjfuns.php' not found or unable to stat, referer: www.google.com
[Mon Oct 28 13:00:40.943095 2024] [php7:error] [pid 9572:tid 1760] [client 108.162.226.212:24292] script 'C:/xampp/htdocs/.well-known/acme-challenge/index.php' not found or unable to stat, referer: www.google.com
[Mon Oct 28 13:00:41.599189 2024] [php7:error] [pid 9572:tid 1724] [client 172.71.152.64:30870] script 'C:/xampp/htdocs/.well-known/fierzashell.php' not found or unable to stat, referer: www.google.com
[Mon Oct 28 13:00:42.364637 2024] [php7:error] [pid 9572:tid 1804] [client 172.71.124.62:24160] script 'C:/xampp/htdocs/.well-known/acme-challenge/iR7SzrsOUEP.php' not found or unable to stat, referer: www.google.com
[Mon Oct 28 13:00:43.161322 2024] [php7:error] [pid 9572:tid 1896] [client 162.158.163.86:38488] script 'C:/xampp/htdocs/xleet-shell.php' not found or unable to stat, referer: www.google.com
[Mon Oct 28 13:00:44.676587 2024] [cgi:error] [pid 9572:tid 1688] [client 172.70.93.29:55744] AH02811: script not found or unable to stat: C:/xampp/cgi-bin/iR7SzrsOUEP.php, referer: www.google.com
[Mon Oct 28 13:00:45.676352 2024] [cgi:error] [pid 9572:tid 1732] [client 172.68.242.46:36830] AH02811: script not found or unable to stat: C:/xampp/cgi-bin/themes.php, referer: www.google.com
[Mon Oct 28 13:00:46.473040 2024] [php7:error] [pid 9572:tid 1776] [client 172.71.81.7:62420] script 'C:/xampp/htdocs/gelay.php' not found or unable to stat, referer: www.google.com
[Mon Oct 28 13:00:46.863571 2024] [cgi:error] [pid 9572:tid 1724] [client 172.70.142.175:13476] AH02811: script not found or unable to stat: C:/xampp/cgi-bin/moon.php, referer: www.google.com
[Mon Oct 28 13:00:47.238483 2024] [php7:error] [pid 9572:tid 1808] [client 172.69.165.47:28336] script 'C:/xampp/htdocs/al.php' not found or unable to stat, referer: www.google.com
[Mon Oct 28 13:00:47.441560 2024] [php7:error] [pid 9572:tid 1688] [client 172.70.93.29:55744] script 'C:/xampp/htdocs/wso112233.php' not found or unable to stat, referer: www.google.com
[Mon Oct 28 13:00:47.832092 2024] [php7:error] [pid 9572:tid 1804] [client 172.70.147.100:65470] script 'C:/xampp/htdocs/adminfuns.php' not found or unable to stat, referer: www.google.com
[Mon Oct 28 13:00:48.207002 2024] [php7:error] [pid 9572:tid 1792] [client 172.71.81.99:35582] script 'C:/xampp/htdocs/edit.php' not found or unable to stat, referer: www.google.com
[Mon Oct 28 13:00:48.566294 2024] [php7:error] [pid 9572:tid 1896] [client 172.71.124.188:34112] script 'C:/xampp/htdocs/thoms.php' not found or unable to stat, referer: www.google.com
[Mon Oct 28 13:00:48.956826 2024] [php7:error] [pid 9572:tid 1816] [client 172.71.82.117:39430] script 'C:/xampp/htdocs/menu-header.php' not found or unable to stat, referer: www.google.com
[Mon Oct 28 13:00:49.347359 2024] [php7:error] [pid 9572:tid 1888] [client 162.158.170.81:34264] script 'C:/xampp/htdocs/schallfuns.php' not found or unable to stat, referer: www.google.com
[Mon Oct 28 13:00:49.784755 2024] [php7:error] [pid 9572:tid 1840] [client 172.70.188.24:19666] script 'C:/xampp/htdocs/color.php' not found or unable to stat, referer: www.google.com
[Mon Oct 28 13:00:50.003453 2024] [php7:error] [pid 9572:tid 1752] [client 172.71.124.246:32064] script 'C:/xampp/htdocs/gecko.php' not found or unable to stat, referer: www.google.com
[Mon Oct 28 13:00:50.222153 2024] [php7:error] [pid 9572:tid 1776] [client 172.71.81.7:62420] script 'C:/xampp/htdocs/about.php' not found or unable to stat, referer: www.google.com
[Mon Oct 28 13:00:50.612685 2024] [php7:error] [pid 9572:tid 1740] [client 172.70.143.167:23570] script 'C:/xampp/htdocs/install.php' not found or unable to stat, referer: www.google.com
[Mon Oct 28 13:00:51.018839 2024] [php7:error] [pid 9572:tid 1732] [client 108.162.227.3:47480] script 'C:/xampp/htdocs/wp1010.php' not found or unable to stat, referer: www.google.com
[Mon Oct 28 13:00:51.393750 2024] [php7:error] [pid 9572:tid 1760] [client 162.158.106.13:65302] script 'C:/xampp/htdocs/becks.php' not found or unable to stat, referer: www.google.com
[Mon Oct 28 13:00:51.612448 2024] [php7:error] [pid 9572:tid 1760] [client 162.158.106.13:65302] script 'C:/xampp/htdocs/g.php' not found or unable to stat, referer: www.google.com
[Mon Oct 28 13:00:52.002981 2024] [php7:error] [pid 9572:tid 1716] [client 172.70.143.191:14110] script 'C:/xampp/htdocs/RxR.php' not found or unable to stat, referer: www.google.com
[Mon Oct 28 13:00:54.830437 2024] [php7:error] [pid 9572:tid 1888] [client 172.70.142.198:57350] script 'C:/xampp/htdocs/owl.php' not found or unable to stat, referer: www.google.com
[Mon Oct 28 13:00:55.205349 2024] [php7:error] [pid 9572:tid 1752] [client 108.162.226.123:33748] script 'C:/xampp/htdocs/xxl.php' not found or unable to stat, referer: www.google.com
[Mon Oct 28 13:00:55.408424 2024] [php7:error] [pid 9572:tid 1816] [client 172.71.124.131:33068] script 'C:/xampp/htdocs/xl2023.php' not found or unable to stat, referer: www.google.com
[Mon Oct 28 13:00:57.923454 2024] [php7:error] [pid 9572:tid 1716] [client 108.162.227.64:53126] script 'C:/xampp/htdocs/wong.php' not found or unable to stat, referer: www.google.com
[Mon Oct 28 13:00:58.704521 2024] [php7:error] [pid 9572:tid 1804] [client 108.162.226.31:10014] script 'C:/xampp/htdocs/x.php' not found or unable to stat, referer: www.google.com
[Mon Oct 28 13:00:59.579314 2024] [php7:error] [pid 9572:tid 1792] [client 108.162.226.217:45944] script 'C:/xampp/htdocs/.well-known/acme-challenge/upfile.php' not found or unable to stat, referer: www.google.com
[Mon Oct 28 13:01:01.266416 2024] [php7:error] [pid 9572:tid 1740] [client 172.71.82.117:30826] script 'C:/xampp/htdocs/smtp.php' not found or unable to stat, referer: www.google.com
[Mon Oct 28 13:01:01.641326 2024] [php7:error] [pid 9572:tid 1808] [client 172.71.124.246:22018] script 'C:/xampp/htdocs/wp-hoard.php' not found or unable to stat, referer: www.google.com
[Mon Oct 28 13:01:02.984759 2024] [php7:error] [pid 9572:tid 1836] [client 162.158.106.152:9894] script 'C:/xampp/htdocs/wsa.php' not found or unable to stat, referer: www.google.com
[Mon Oct 28 13:01:03.203459 2024] [php7:error] [pid 9572:tid 1776] [client 172.71.124.189:19932] script 'C:/xampp/htdocs/wp-seo.php' not found or unable to stat, referer: www.google.com
[Mon Oct 28 13:01:03.578369 2024] [php7:error] [pid 9572:tid 1688] [client 172.70.143.204:59750] script 'C:/xampp/htdocs/cong.php' not found or unable to stat, referer: www.google.com
[Mon Oct 28 13:01:03.984522 2024] [php7:error] [pid 9572:tid 1804] [client 172.71.124.63:17104] script 'C:/xampp/htdocs/Mshell.php' not found or unable to stat, referer: www.google.com
[Mon Oct 28 13:01:04.359435 2024] [php7:error] [pid 9572:tid 1724] [client 172.71.124.131:53610] script 'C:/xampp/htdocs/ioxi-rex.php' not found or unable to stat, referer: www.google.com
[Mon Oct 28 13:01:05.359197 2024] [php7:error] [pid 9572:tid 1776] [client 172.71.124.189:19932] script 'C:/xampp/htdocs/alfa.php' not found or unable to stat, referer: www.google.com
[Mon Oct 28 13:01:05.749730 2024] [php7:error] [pid 9572:tid 1888] [client 162.158.189.229:46376] script 'C:/xampp/htdocs/plugin.php' not found or unable to stat, referer: www.google.com
[Mon Oct 28 13:01:06.155884 2024] [php7:error] [pid 9572:tid 1816] [client 172.70.188.158:9178] script 'C:/xampp/htdocs/alfa2.php' not found or unable to stat, referer: www.google.com
[Mon Oct 28 13:01:06.546413 2024] [php7:error] [pid 9572:tid 1740] [client 172.71.81.8:28178] script 'C:/xampp/htdocs/alfa-priv.php' not found or unable to stat, referer: www.google.com
[Mon Oct 28 13:01:08.092924 2024] [php7:error] [pid 9572:tid 1752] [client 162.158.190.4:47306] script 'C:/xampp/htdocs/st.php' not found or unable to stat, referer: www.google.com
[Mon Oct 28 13:01:08.483458 2024] [php7:error] [pid 9572:tid 1836] [client 172.71.124.247:15920] script 'C:/xampp/htdocs/shell.php' not found or unable to stat, referer: www.google.com
[Mon Oct 28 13:01:08.686536 2024] [php7:error] [pid 9572:tid 1836] [client 172.71.124.247:15920] script 'C:/xampp/htdocs/layout.css.php' not found or unable to stat, referer: www.google.com
[Mon Oct 28 13:01:09.077068 2024] [php7:error] [pid 9572:tid 1688] [client 172.70.92.217:32676] script 'C:/xampp/htdocs/f77.php' not found or unable to stat, referer: www.google.com
[Mon Oct 28 13:01:09.670677 2024] [php7:error] [pid 9572:tid 1804] [client 172.71.152.63:39464] script 'C:/xampp/htdocs/aoii.php' not found or unable to stat, referer: www.google.com
[Mon Oct 28 13:01:10.108073 2024] [php7:error] [pid 9572:tid 1792] [client 162.158.163.208:28838] script 'C:/xampp/htdocs/autoload_classmap.php' not found or unable to stat, referer: www.google.com
[Mon Oct 28 13:01:10.514229 2024] [php7:error] [pid 9572:tid 1840] [client 172.70.147.72:48622] script 'C:/xampp/htdocs/chosen.php' not found or unable to stat, referer: www.google.com
[Mon Oct 28 13:01:10.904762 2024] [php7:error] [pid 9572:tid 1776] [client 162.158.189.135:9968] script 'C:/xampp/htdocs/wp-apxupx.php' not found or unable to stat, referer: www.google.com
[Mon Oct 28 13:01:11.857661 2024] [php7:error] [pid 9572:tid 1740] [client 172.68.242.47:20428] script 'C:/xampp/htdocs/nice.php' not found or unable to stat, referer: www.google.com
[Mon Oct 28 13:01:12.232572 2024] [php7:error] [pid 9572:tid 1808] [client 162.158.106.28:12050] script 'C:/xampp/htdocs/log.php' not found or unable to stat, referer: www.google.com
[Mon Oct 28 13:01:13.232336 2024] [php7:error] [pid 9572:tid 1740] [client 172.68.242.47:20428] script 'C:/xampp/htdocs/class.api.php' not found or unable to stat, referer: www.google.com
[Mon Oct 28 13:01:15.559912 2024] [cgi:error] [pid 9572:tid 1792] [client 162.158.190.56:12526] AH02811: script not found or unable to stat: C:/xampp/cgi-bin/class_api.php, referer: www.google.com
[Mon Oct 28 13:01:15.950442 2024] [php7:error] [pid 9572:tid 1840] [client 172.71.82.117:20796] script 'C:/xampp/htdocs/.well-known/acme-challenge/class_api.php' not found or unable to stat, referer: www.google.com
[Mon Oct 28 13:01:16.731507 2024] [php7:error] [pid 9572:tid 1888] [client 108.162.227.114:45144] script 'C:/xampp/htdocs/dropdown.php' not found or unable to stat, referer: www.google.com
[Mon Oct 28 13:01:17.122041 2024] [php7:error] [pid 9572:tid 1816] [client 162.158.170.50:57106] script 'C:/xampp/htdocs/cong.php' not found or unable to stat, referer: www.google.com
[Mon Oct 28 13:01:21.199202 2024] [php7:error] [pid 9572:tid 1760] [client 172.70.189.138:27426] script 'C:/xampp/htdocs/homeroot.php' not found or unable to stat, referer: www.google.com
[Mon Oct 28 13:01:21.589733 2024] [php7:error] [pid 9572:tid 1776] [client 162.158.106.213:27118] script 'C:/xampp/htdocs/defaults.php' not found or unable to stat, referer: www.google.com
[Mon Oct 28 13:01:21.964648 2024] [php7:error] [pid 9572:tid 1888] [client 172.69.166.60:11106] script 'C:/xampp/htdocs/function.php' not found or unable to stat, referer: www.google.com
[Mon Oct 28 13:01:23.136243 2024] [php7:error] [pid 9572:tid 1840] [client 162.158.189.158:24064] script 'C:/xampp/htdocs/mini.php' not found or unable to stat, referer: www.google.com
[Mon Oct 28 13:01:23.511154 2024] [php7:error] [pid 9572:tid 1732] [client 172.71.124.247:20748] script 'C:/xampp/htdocs/504.php' not found or unable to stat, referer: www.google.com
[Mon Oct 28 13:01:23.901688 2024] [php7:error] [pid 9572:tid 1740] [client 172.70.142.198:41032] script 'C:/xampp/htdocs/444.php' not found or unable to stat, referer: www.google.com
[Mon Oct 28 13:01:24.698374 2024] [php7:error] [pid 9572:tid 1836] [client 162.158.163.208:42120] script 'C:/xampp/htdocs/b0.php' not found or unable to stat, referer: www.google.com
[Mon Oct 28 13:01:25.088907 2024] [php7:error] [pid 9572:tid 1688] [client 162.158.106.127:27082] script 'C:/xampp/htdocs/atomlib.php' not found or unable to stat, referer: www.google.com
[Mon Oct 28 13:01:25.869971 2024] [php7:error] [pid 9572:tid 1804] [client 172.71.81.99:21288] script 'C:/xampp/htdocs/million.php' not found or unable to stat, referer: www.google.com
[Mon Oct 28 13:01:26.244884 2024] [php7:error] [pid 9572:tid 1792] [client 172.71.124.130:40518] script 'C:/xampp/htdocs/ioxi2.php' not found or unable to stat, referer: www.google.com
[Mon Oct 28 13:01:26.635415 2024] [php7:error] [pid 9572:tid 1760] [client 162.158.162.114:16002] script 'C:/xampp/htdocs/4pric.php' not found or unable to stat, referer: www.google.com
[Mon Oct 28 13:01:28.369971 2024] [php7:error] [pid 9572:tid 1840] [client 172.70.143.74:62712] script 'C:/xampp/htdocs/mailer.php' not found or unable to stat, referer: www.google.com
[Mon Oct 28 13:01:28.588671 2024] [php7:error] [pid 9572:tid 1760] [client 162.158.162.114:16002] script 'C:/xampp/htdocs/leaf-mailer.php' not found or unable to stat, referer: www.google.com
[Mon Oct 28 13:01:31.275535 2024] [cgi:error] [pid 9572:tid 1804] [client 172.70.142.198:41048] AH02811: script not found or unable to stat: C:/xampp/cgi-bin/themes.php, referer: www.google.com
[Mon Oct 28 13:01:35.946306 2024] [php7:error] [pid 9572:tid 1684] [client 162.158.162.220:34930] script 'C:/xampp/htdocs/oxi-rex.php' not found or unable to stat, referer: www.google.com
[Mon Oct 28 13:01:36.711750 2024] [php7:error] [pid 9572:tid 1808] [client 172.71.152.63:15072] script 'C:/xampp/htdocs/updates.php' not found or unable to stat, referer: www.google.com
[Mon Oct 28 13:01:38.102045 2024] [php7:error] [pid 9572:tid 1896] [client 162.158.170.33:36090] script 'C:/xampp/htdocs/ok.php' not found or unable to stat, referer: www.google.com
[Mon Oct 28 13:01:39.289264 2024] [php7:error] [pid 9572:tid 1760] [client 162.158.106.116:26688] script 'C:/xampp/htdocs/wp-2019.php' not found or unable to stat, referer: www.google.com
[Mon Oct 28 13:01:39.664175 2024] [php7:error] [pid 9572:tid 1816] [client 172.71.81.8:50304] script 'C:/xampp/htdocs/class-IXR-date.php' not found or unable to stat, referer: www.google.com
[Mon Oct 28 13:01:40.429619 2024] [php7:error] [pid 9572:tid 1752] [client 162.158.190.66:11302] script 'C:/xampp/htdocs/dropdown.php' not found or unable to stat, referer: www.google.com
[Mon Oct 28 13:01:41.601219 2024] [php7:error] [pid 9572:tid 1732] [client 172.70.189.183:21158] script 'C:/xampp/htdocs/345tyu.php' not found or unable to stat, referer: www.google.com
[Mon Oct 28 13:01:41.976131 2024] [php7:error] [pid 9572:tid 1808] [client 162.158.163.126:20484] script 'C:/xampp/htdocs/BDKR28.php' not found or unable to stat, referer: www.google.com
[Mon Oct 28 13:01:45.131634 2024] [php7:error] [pid 9572:tid 1816] [client 162.158.106.153:12450] script 'C:/xampp/htdocs/98765rf.php' not found or unable to stat, referer: www.google.com
[Mon Oct 28 13:01:48.193410 2024] [php7:error] [pid 9572:tid 1776] [client 172.71.81.8:31608] script 'C:/xampp/htdocs/wp-atom.php' not found or unable to stat, referer: www.google.com
[Mon Oct 28 13:01:48.583943 2024] [php7:error] [pid 9572:tid 1688] [client 172.70.147.94:17734] script 'C:/xampp/htdocs/fw.php' not found or unable to stat, referer: www.google.com
[Mon Oct 28 13:01:48.771399 2024] [php7:error] [pid 9572:tid 1684] [client 172.71.124.63:44676] script 'C:/xampp/htdocs/lock.php' not found or unable to stat, referer: www.google.com
[Mon Oct 28 13:01:49.911753 2024] [php7:error] [pid 9572:tid 1896] [client 162.158.162.29:36126] script 'C:/xampp/htdocs/0x1949.php' not found or unable to stat, referer: www.google.com
[Mon Oct 28 13:01:50.317908 2024] [php7:error] [pid 9572:tid 1816] [client 172.70.189.158:25006] script 'C:/xampp/htdocs/wp-login.php' not found or unable to stat, referer: www.google.com
[Mon Oct 28 13:01:50.708441 2024] [php7:error] [pid 9572:tid 1888] [client 108.162.227.21:57944] script 'C:/xampp/htdocs/wp-manage0.php' not found or unable to stat, referer: www.google.com
[Mon Oct 28 13:01:51.098971 2024] [php7:error] [pid 9572:tid 1752] [client 108.162.226.30:33948] script 'C:/xampp/htdocs/outpull.php' not found or unable to stat, referer: www.google.com
[Mon Oct 28 13:01:51.473885 2024] [php7:error] [pid 9572:tid 1792] [client 172.70.143.124:52794] script 'C:/xampp/htdocs/unsets.php' not found or unable to stat, referer: www.google.com
[Mon Oct 28 13:01:51.880039 2024] [php7:error] [pid 9572:tid 1760] [client 162.158.190.65:12922] script 'C:/xampp/htdocs/owl22.php' not found or unable to stat, referer: www.google.com
[Mon Oct 28 13:01:52.270572 2024] [php7:error] [pid 9572:tid 1732] [client 162.158.107.16:50624] script 'C:/xampp/htdocs/wp-managee1.php' not found or unable to stat, referer: www.google.com
[Mon Oct 28 13:01:52.661104 2024] [php7:error] [pid 9572:tid 1808] [client 108.162.227.88:65154] script 'C:/xampp/htdocs/wp-manage1.php' not found or unable to stat, referer: www.google.com
[Mon Oct 28 13:01:52.864180 2024] [php7:error] [pid 9572:tid 1776] [client 172.71.81.8:31608] script 'C:/xampp/htdocs/cloud.php' not found or unable to stat, referer: www.google.com
[Mon Oct 28 13:01:53.270335 2024] [php7:error] [pid 9572:tid 1836] [client 172.71.124.247:49274] script 'C:/xampp/htdocs/doc.php' not found or unable to stat, referer: www.google.com
[Mon Oct 28 13:01:53.660867 2024] [php7:error] [pid 9572:tid 1724] [client 172.70.143.16:60602] script 'C:/xampp/htdocs/file.php' not found or unable to stat, referer: www.google.com
[Mon Oct 28 13:01:54.082643 2024] [php7:error] [pid 9572:tid 1684] [client 108.162.226.122:26100] script 'C:/xampp/htdocs/license.php' not found or unable to stat, referer: www.google.com
[Mon Oct 28 13:01:54.457553 2024] [php7:error] [pid 9572:tid 1716] [client 172.71.124.63:44680] script 'C:/xampp/htdocs/mariju.php' not found or unable to stat, referer: www.google.com
[Mon Oct 28 13:01:54.738738 2024] [php7:error] [pid 9572:tid 1804] [client 108.162.226.159:51730] script 'C:/xampp/htdocs/moon.php' not found or unable to stat, referer: www.google.com
[Mon Oct 28 13:01:54.988679 2024] [php7:error] [pid 9572:tid 1688] [client 172.68.242.47:40140] script 'C:/xampp/htdocs/sgd.php' not found or unable to stat, referer: www.google.com
[Mon Oct 28 13:01:55.363589 2024] [php7:error] [pid 9572:tid 1896] [client 162.158.189.197:24336] script 'C:/xampp/htdocs/webdb.php' not found or unable to stat, referer: www.google.com
[Mon Oct 28 13:01:55.785364 2024] [php7:error] [pid 9572:tid 1816] [client 162.158.170.51:28058] script 'C:/xampp/htdocs/wp-sigunq.php' not found or unable to stat, referer: www.google.com
[Mon Oct 28 13:01:56.175897 2024] [php7:error] [pid 9572:tid 1888] [client 172.70.147.189:33396] script 'C:/xampp/htdocs/wp-logout.php' not found or unable to stat, referer: www.google.com
[Mon Oct 28 13:01:56.566428 2024] [php7:error] [pid 9572:tid 1752] [client 162.158.170.127:57726] script 'C:/xampp/htdocs/wp-hoard.php' not found or unable to stat, referer: www.google.com
[Mon Oct 28 13:01:56.972584 2024] [php7:error] [pid 9572:tid 1792] [client 172.70.147.181:10810] script 'C:/xampp/htdocs/wp-blog.php' not found or unable to stat, referer: www.google.com
[Mon Oct 28 13:01:57.175661 2024] [php7:error] [pid 9572:tid 1836] [client 172.71.124.247:49274] script 'C:/xampp/htdocs/wzy.php' not found or unable to stat, referer: www.google.com
[Mon Oct 28 13:01:57.550573 2024] [php7:error] [pid 9572:tid 1732] [client 172.70.143.167:30252] script 'C:/xampp/htdocs/top.php' not found or unable to stat, referer: www.google.com
[Mon Oct 28 13:01:59.268915 2024] [php7:error] [pid 9572:tid 1684] [client 172.70.93.36:35814] script 'C:/xampp/htdocs/phpmailer.lang-sv.php' not found or unable to stat, referer: www.google.com
[Mon Oct 28 13:01:59.815661 2024] [php7:error] [pid 9572:tid 1804] [client 172.71.124.62:25536] script 'C:/xampp/htdocs/.well-known/acme-challenge/mariju.php' not found or unable to stat, referer: www.google.com
[Mon Oct 28 13:02:00.174951 2024] [php7:error] [pid 9572:tid 1836] [client 172.71.124.247:49274] script 'C:/xampp/htdocs/class_api.php' not found or unable to stat, referer: www.google.com
[Mon Oct 28 13:02:00.378029 2024] [php7:error] [pid 9572:tid 1804] [client 172.71.124.62:25536] script 'C:/xampp/htdocs/wso-x569.php' not found or unable to stat, referer: www.google.com
[Mon Oct 28 13:02:04.908207 2024] [cgi:error] [pid 9572:tid 1684] [client 108.162.226.216:47518] AH02811: script not found or unable to stat: C:/xampp/cgi-bin/users.php, referer: www.google.com
[Mon Oct 28 13:02:06.345367 2024] [php7:error] [pid 9572:tid 1816] [client 108.162.226.15:17718] script 'C:/xampp/htdocs/.well-known/acme-challenge/xmrlpc.php' not found or unable to stat, referer: www.google.com
[Mon Oct 28 13:02:07.126434 2024] [php7:error] [pid 9572:tid 1752] [client 172.68.242.46:23846] script 'C:/xampp/htdocs/xmrlpc.php' not found or unable to stat, referer: www.google.com
[Mon Oct 28 13:02:07.548208 2024] [cgi:error] [pid 9572:tid 1760] [client 172.71.82.116:16758] AH02811: script not found or unable to stat: C:/xampp/cgi-bin/xmrlpc.php, referer: www.google.com
[Mon Oct 28 13:02:11.484778 2024] [php7:error] [pid 9572:tid 1804] [client 108.162.226.123:61038] script 'C:/xampp/htdocs/93eds.php' not found or unable to stat, referer: www.google.com
[Mon Oct 28 13:02:12.078386 2024] [php7:error] [pid 9572:tid 1792] [client 172.71.124.130:53316] script 'C:/xampp/htdocs/032w4e.php' not found or unable to stat, referer: www.google.com
[Mon Oct 28 13:02:17.327144 2024] [php7:error] [pid 9572:tid 1816] [client 172.70.143.112:23874] script 'C:/xampp/htdocs/.well-known/about.php' not found or unable to stat, referer: www.google.com
[Mon Oct 28 13:02:17.717678 2024] [cgi:error] [pid 9572:tid 1752] [client 162.158.106.172:38744] AH02811: script not found or unable to stat: C:/xampp/cgi-bin/about.php, referer: www.google.com
[Mon Oct 28 13:02:26.856144 2024] [php7:error] [pid 9572:tid 1732] [client 172.71.124.131:37150] script 'C:/xampp/htdocs/simple.php' not found or unable to stat, referer: www.google.com
[Mon Oct 28 13:02:27.246674 2024] [php7:error] [pid 9572:tid 1896] [client 162.158.170.61:22018] script 'C:/xampp/htdocs/shell20211028.php' not found or unable to stat, referer: www.google.com
[Mon Oct 28 13:02:32.417926 2024] [php7:error] [pid 9572:tid 1760] [client 172.69.166.115:10754] script 'C:/xampp/htdocs/.well-known/acme-challenge/moon.php' not found or unable to stat, referer: www.google.com
[Mon Oct 28 13:02:33.980056 2024] [php7:error] [pid 9572:tid 1752] [client 172.70.147.72:64294] script 'C:/xampp/htdocs/.well-known/acme-challenge/atomlib.php' not found or unable to stat, referer: www.google.com
[Mon Oct 28 13:02:35.698401 2024] [php7:error] [pid 9572:tid 1836] [client 162.158.106.253:43972] script 'C:/xampp/htdocs/.well-known/admin.php' not found or unable to stat, referer: www.google.com
[Mon Oct 28 13:02:36.088932 2024] [php7:error] [pid 9572:tid 1688] [client 172.70.142.99:54166] script 'C:/xampp/htdocs/.well-known/acme-challenge/wp-signup.php' not found or unable to stat, referer: www.google.com
[Mon Oct 28 13:02:46.117811 2024] [php7:error] [pid 9572:tid 1808] [client 172.70.147.180:13220] script 'C:/xampp/htdocs/fm1.php' not found or unable to stat, referer: www.google.com
[Mon Oct 28 13:02:46.945740 2024] [php7:error] [pid 9572:tid 1688] [client 172.70.147.47:51218] script 'C:/xampp/htdocs/M1.php' not found or unable to stat, referer: www.google.com
[Mon Oct 28 13:02:47.351894 2024] [php7:error] [pid 9572:tid 1896] [client 172.70.143.167:65278] script 'C:/xampp/htdocs/wp-head.php' not found or unable to stat, referer: www.google.com
[Mon Oct 28 13:02:47.742427 2024] [php7:error] [pid 9572:tid 1684] [client 162.158.106.202:48502] script 'C:/xampp/htdocs/.well-known/index.php' not found or unable to stat, referer: www.google.com
[Mon Oct 28 13:02:48.132958 2024] [php7:error] [pid 9572:tid 1716] [client 172.71.124.63:53048] script 'C:/xampp/htdocs/goods.php' not found or unable to stat, referer: www.google.com
[Mon Oct 28 13:02:49.335799 2024] [php7:error] [pid 9572:tid 1816] [client 172.70.147.24:33960] script 'C:/xampp/htdocs/users.php' not found or unable to stat, referer: www.google.com
[Mon Oct 28 13:02:49.554497 2024] [php7:error] [pid 9572:tid 1792] [client 172.71.82.116:36386] script 'C:/xampp/htdocs/classwithtostring.php' not found or unable to stat, referer: www.google.com
[Mon Oct 28 13:02:50.304321 2024] [php7:error] [pid 9572:tid 1888] [client 162.158.106.220:54126] script 'C:/xampp/htdocs/ms.php' not found or unable to stat, referer: www.google.com
[Mon Oct 28 13:02:50.507398 2024] [php7:error] [pid 9572:tid 1804] [client 172.71.81.99:33064] script 'C:/xampp/htdocs/msl.php' not found or unable to stat, referer: www.google.com
[Mon Oct 28 13:02:50.757340 2024] [php7:error] [pid 9572:tid 1808] [client 172.70.147.180:13220] script 'C:/xampp/htdocs/plugin.php' not found or unable to stat, referer: www.google.com
[Mon Oct 28 13:02:51.147869 2024] [php7:error] [pid 9572:tid 1776] [client 162.158.106.253:47618] script 'C:/xampp/htdocs/wp-configs.php' not found or unable to stat, referer: www.google.com
[Mon Oct 28 13:02:51.522782 2024] [php7:error] [pid 9572:tid 1760] [client 172.71.124.247:20486] script 'C:/xampp/htdocs/content.php' not found or unable to stat, referer: www.google.com
[Mon Oct 28 13:02:51.928935 2024] [php7:error] [pid 9572:tid 1836] [client 162.158.163.24:21394] script 'C:/xampp/htdocs/obfs.php' not found or unable to stat, referer: www.google.com
[Mon Oct 28 13:02:52.303848 2024] [php7:error] [pid 9572:tid 1688] [client 162.158.106.18:54222] script 'C:/xampp/htdocs/options-reading.php' not found or unable to stat, referer: www.google.com
[Mon Oct 28 13:02:52.694381 2024] [php7:error] [pid 9572:tid 1896] [client 162.158.170.164:24500] script 'C:/xampp/htdocs/ms-sites.php' not found or unable to stat, referer: www.google.com
[Mon Oct 28 13:02:52.928701 2024] [php7:error] [pid 9572:tid 1804] [client 172.71.81.99:33064] script 'C:/xampp/htdocs/edit-form-advanced.php' not found or unable to stat, referer: www.google.com
[Mon Oct 28 13:02:53.694145 2024] [php7:error] [pid 9572:tid 1716] [client 172.71.124.131:21716] script 'C:/xampp/htdocs/admin.php' not found or unable to stat, referer: www.google.com
[Mon Oct 28 13:02:53.897221 2024] [php7:error] [pid 9572:tid 1716] [client 172.71.124.131:21716] script 'C:/xampp/htdocs/radio.php' not found or unable to stat, referer: www.google.com
[Mon Oct 28 13:02:54.100297 2024] [php7:error] [pid 9572:tid 1716] [client 172.71.124.131:21716] script 'C:/xampp/htdocs/gix.php' not found or unable to stat, referer: www.google.com
[Mon Oct 28 13:02:54.490831 2024] [php7:error] [pid 9572:tid 1724] [client 162.158.106.29:51418] script 'C:/xampp/htdocs/gif.php' not found or unable to stat, referer: www.google.com
[Mon Oct 28 13:02:54.865741 2024] [php7:error] [pid 9572:tid 1792] [client 162.158.106.127:19586] script 'C:/xampp/htdocs/gf.php' not found or unable to stat, referer: www.google.com
[Mon Oct 28 13:02:55.271895 2024] [php7:error] [pid 9572:tid 1752] [client 172.69.166.95:51396] script 'C:/xampp/htdocs/cb989.php' not found or unable to stat, referer: www.google.com
[Mon Oct 28 13:02:55.646808 2024] [php7:error] [pid 9572:tid 1888] [client 108.162.227.119:11132] script 'C:/xampp/htdocs/themes.php' not found or unable to stat, referer: www.google.com
[Mon Oct 28 13:02:57.963193 2024] [php7:error] [pid 9572:tid 1896] [client 162.158.163.240:30386] script 'C:/xampp/htdocs/weso.php' not found or unable to stat, referer: www.google.com
[Mon Oct 28 13:02:58.181892 2024] [php7:error] [pid 9572:tid 1808] [client 172.68.242.47:31200] script 'C:/xampp/htdocs/updates.php' not found or unable to stat, referer: www.google.com
[Mon Oct 28 13:03:01.524851 2024] [php7:error] [pid 9572:tid 1816] [client 172.70.147.204:12670] script 'C:/xampp/htdocs/wp.-.admin.php' not found or unable to stat, referer: www.google.com
[Mon Oct 28 13:03:02.915147 2024] [php7:error] [pid 9572:tid 1804] [client 172.71.124.247:20502] script 'C:/xampp/htdocs/.well-known/wso112233.php' not found or unable to stat, referer: www.google.com
[Mon Oct 28 13:03:03.321303 2024] [php7:error] [pid 9572:tid 1896] [client 172.71.81.99:48406] script 'C:/xampp/htdocs/wso112233.php' not found or unable to stat, referer: www.google.com
[Mon Oct 28 13:03:04.133608 2024] [php7:error] [pid 9572:tid 1688] [client 162.158.163.208:21022] script 'C:/xampp/htdocs/.well-known/acme-challenge/wso112233.php' not found or unable to stat, referer: www.google.com
[Mon Oct 28 13:03:07.320356 2024] [php7:error] [pid 9572:tid 1776] [client 172.69.165.39:58318] script 'C:/xampp/htdocs/m4r1ju4n4.php' not found or unable to stat, referer: www.google.com
[Mon Oct 28 13:03:07.523432 2024] [php7:error] [pid 9572:tid 1716] [client 172.71.82.117:55690] script 'C:/xampp/htdocs/m4r1ju4n4.php' not found or unable to stat, referer: www.google.com
[Mon Oct 28 13:03:07.913968 2024] [php7:error] [pid 9572:tid 1836] [client 172.71.81.8:26326] script 'C:/xampp/htdocs/marijuana.php' not found or unable to stat, referer: www.google.com
[Mon Oct 28 13:03:08.320119 2024] [php7:error] [pid 9572:tid 1760] [client 172.71.124.63:34558] script 'C:/xampp/htdocs/marijuana.php' not found or unable to stat, referer: www.google.com
[Mon Oct 28 13:03:18.177165 2024] [php7:error] [pid 9572:tid 1888] [client 172.70.142.161:57536] script 'C:/xampp/htdocs/alfa-rex.php' not found or unable to stat, referer: www.google.com
[Mon Oct 28 13:03:18.567695 2024] [php7:error] [pid 9572:tid 1836] [client 162.158.107.62:25304] script 'C:/xampp/htdocs/admin.php' not found or unable to stat
[Mon Oct 28 13:03:18.770773 2024] [php7:error] [pid 9572:tid 1688] [client 172.71.124.188:23274] script 'C:/xampp/htdocs/ovatools.php' not found or unable to stat
[Mon Oct 28 13:06:44.498044 2024] [php7:error] [pid 9572:tid 1792] [client 162.158.6.64:14182] script 'C:/xampp/htdocs/wp-login.php' not found or unable to stat
[Mon Oct 28 13:17:34.455774 2024] [php7:notice] [pid 9572:tid 1792] [client 172.71.172.162:10426] PHP Deprecated: Array and string offset access syntax with curly braces is deprecated in C:\\xampp\\htdocs\\discuz\\include\\common.inc.php on line 42, referer: http://fredkuo.idv.tw/discuz/space.php
[Mon Oct 28 13:24:58.978576 2024] [authz_core:error] [pid 9572:tid 1896] [client 162.158.167.126:16282] AH01630: client denied by server configuration: C:/xampp/webalizer/, referer: https://bc2cite.at/
[Mon Oct 28 13:28:02.338215 2024] [php7:notice] [pid 9572:tid 1836] [client 172.70.35.188:49414] PHP Deprecated: Array and string offset access syntax with curly braces is deprecated in C:\\xampp\\htdocs\\discuz\\include\\common.inc.php on line 42
[Mon Oct 28 13:28:41.375860 2024] [php7:notice] [pid 9572:tid 1836] [client 172.70.174.155:18342] PHP Deprecated: Array and string offset access syntax with curly braces is deprecated in C:\\xampp\\htdocs\\discuz\\include\\common.inc.php on line 42
[Mon Oct 28 13:41:12.642167 2024] [php7:notice] [pid 9572:tid 1752] [client 172.71.190.147:58876] PHP Deprecated: Array and string offset access syntax with curly braces is deprecated in C:\\xampp\\htdocs\\discuz\\post.php on line 234
[Mon Oct 28 13:41:12.642167 2024] [php7:notice] [pid 9572:tid 1752] [client 172.71.190.147:58876] PHP Deprecated: Array and string offset access syntax with curly braces is deprecated in C:\\xampp\\htdocs\\discuz\\post.php on line 235
[Mon Oct 28 13:41:12.642167 2024] [php7:notice] [pid 9572:tid 1752] [client 172.71.190.147:58876] PHP Deprecated: Array and string offset access syntax with curly braces is deprecated in C:\\xampp\\htdocs\\discuz\\include\\common.inc.php on line 42
[Mon Oct 28 13:41:40.151917 2024] [authz_core:error] [pid 9572:tid 1752] [client 172.69.22.181:35442] AH01630: client denied by server configuration: C:/xampp/webalizer/, referer: https://bc2best.gl/
[Mon Oct 28 14:11:21.361203 2024] [php7:notice] [pid 9572:tid 1836] [client 172.68.51.4:15482] PHP Deprecated: Array and string offset access syntax with curly braces is deprecated in C:\\xampp\\htdocs\\discuz\\include\\common.inc.php on line 42
[Mon Oct 28 14:12:31.064700 2024] [php7:notice] [pid 9572:tid 1836] [client 172.69.136.158:60096] PHP Deprecated: Array and string offset access syntax with curly braces is deprecated in C:\\xampp\\htdocs\\discuz\\include\\common.inc.php on line 42, referer: http://fredkuo.idv.tw/discuz/space.php
[Mon Oct 28 14:20:17.214462 2024] [php7:notice] [pid 9572:tid 1836] [client 172.70.174.198:9728] PHP Deprecated: Array and string offset access syntax with curly braces is deprecated in C:\\xampp\\htdocs\\discuz\\include\\common.inc.php on line 42
[Mon Oct 28 14:30:23.800906 2024] [php7:notice] [pid 9572:tid 1836] [client 172.70.35.189:29450] PHP Deprecated: Array and string offset access syntax with curly braces is deprecated in C:\\xampp\\htdocs\\discuz\\include\\common.inc.php on line 42
[Mon Oct 28 14:38:07.904812 2024] [php7:notice] [pid 9572:tid 1836] [client 172.71.222.120:22976] PHP Deprecated: Array and string offset access syntax with curly braces is deprecated in C:\\xampp\\htdocs\\discuz\\include\\common.inc.php on line 42
