[Mon Oct 28 18:06:42.807617 2024] [php7:error] [pid 9572:tid 1760] [client 172.70.46.47:64688] script 'C:/xampp/htdocs/xmrlpc.php' not found or unable to stat
[Mon Oct 28 18:06:45.853770 2024] [cgi:error] [pid 9572:tid 1804] [client 172.70.47.47:19778] AH02811: script not found or unable to stat: C:/xampp/cgi-bin/xmrlpc.php
[Mon Oct 28 18:12:45.589065 2024] [php7:notice] [pid 9572:tid 1760] [client 172.70.34.61:54950] PHP Deprecated: Array and string offset access syntax with curly braces is deprecated in C:\\xampp\\htdocs\\discuz\\include\\common.inc.php on line 42
[Mon Oct 28 18:23:21.204447 2024] [authz_core:error] [pid 9572:tid 1804] [client 172.69.134.122:63664] AH01630: client denied by server configuration: C:/xampp/webalizer/, referer: https://bc2cite.at
[Mon Oct 28 18:33:17.502458 2024] [php7:error] [pid 9572:tid 1888] [client 172.71.81.99:12932] script 'C:/xampp/htdocs/wp-load.php' not found or unable to stat, referer: www.bing.com
[Mon Oct 28 18:33:18.939619 2024] [php7:error] [pid 9572:tid 1804] [client 162.158.170.50:14844] script 'C:/xampp/htdocs/style.php' not found or unable to stat, referer: www.bing.com
[Mon Oct 28 18:33:24.532046 2024] [php7:error] [pid 9572:tid 1804] [client 162.158.190.56:59780] script 'C:/xampp/htdocs/s_e.php' not found or unable to stat, referer: www.bing.com
[Mon Oct 28 18:33:30.140093 2024] [php7:error] [pid 9572:tid 1804] [client 172.70.143.15:36078] script 'C:/xampp/htdocs/s_ne.php' not found or unable to stat, referer: www.bing.com
[Mon Oct 28 18:33:31.546012 2024] [php7:error] [pid 9572:tid 1888] [client 108.162.226.213:30804] script 'C:/xampp/htdocs/1index.php' not found or unable to stat, referer: www.bing.com
[Mon Oct 28 18:33:32.577015 2024] [php7:error] [pid 9572:tid 1760] [client 172.71.81.7:11770] script 'C:/xampp/htdocs/3index.php' not found or unable to stat, referer: www.bing.com
[Mon Oct 28 18:33:33.592402 2024] [php7:error] [pid 9572:tid 1724] [client 172.70.188.50:39198] script 'C:/xampp/htdocs/wikindex.php' not found or unable to stat, referer: www.bing.com
[Mon Oct 28 18:33:35.170155 2024] [php7:error] [pid 9572:tid 1716] [client 172.70.188.73:62026] script 'C:/xampp/htdocs/radio.php' not found or unable to stat, referer: www.bing.com
[Mon Oct 28 18:33:35.795007 2024] [php7:error] [pid 9572:tid 1804] [client 162.158.190.86:24682] script 'C:/xampp/htdocs/lock360.php' not found or unable to stat, referer: www.bing.com
[Mon Oct 28 18:33:36.404237 2024] [php7:error] [pid 9572:tid 1740] [client 172.70.188.82:48634] script 'C:/xampp/htdocs/wp-load.php' not found or unable to stat, referer: www.bing.com
[Mon Oct 28 18:33:36.904120 2024] [php7:error] [pid 9572:tid 1888] [client 172.70.189.137:35248] script 'C:/xampp/htdocs/old-index.php' not found or unable to stat, referer: www.bing.com
[Mon Oct 28 18:33:37.482108 2024] [php7:error] [pid 9572:tid 1732] [client 172.71.82.116:21936] script 'C:/xampp/htdocs/xmrlpc.php' not found or unable to stat, referer: www.bing.com
[Mon Oct 28 18:33:38.075716 2024] [php7:error] [pid 9572:tid 1760] [client 172.70.92.156:24332] script 'C:/xampp/htdocs/xmlrpcs.php' not found or unable to stat, referer: www.bing.com
[Mon Oct 28 18:33:38.888025 2024] [php7:error] [pid 9572:tid 1724] [client 108.162.226.216:47984] script 'C:/xampp/htdocs/wp-admin.php' not found or unable to stat, referer: www.bing.com
[Mon Oct 28 18:33:39.309801 2024] [php7:error] [pid 9572:tid 1684] [client 172.71.124.188:30218] script 'C:/xampp/htdocs/qindex.php' not found or unable to stat, referer: www.bing.com
[Mon Oct 28 18:33:40.044002 2024] [php7:error] [pid 9572:tid 1792] [client 172.70.147.9:28508] script 'C:/xampp/htdocs/doc.php' not found or unable to stat, referer: www.bing.com
[Mon Oct 28 18:33:40.668856 2024] [php7:error] [pid 9572:tid 1716] [client 162.158.189.139:49832] script 'C:/xampp/htdocs/wp_wrong_datlib.php' not found or unable to stat, referer: www.bing.com
[Mon Oct 28 18:33:41.340572 2024] [php7:error] [pid 9572:tid 1804] [client 162.158.162.151:53948] script 'C:/xampp/htdocs/beence.php' not found or unable to stat, referer: www.bing.com
[Mon Oct 28 18:33:41.699861 2024] [php7:error] [pid 9572:tid 1740] [client 108.162.226.198:35868] script 'C:/xampp/htdocs/ups.php' not found or unable to stat, referer: www.bing.com
[Mon Oct 28 18:33:42.152877 2024] [php7:error] [pid 9572:tid 1888] [client 172.71.152.9:47692] script 'C:/xampp/htdocs/wp-signin.php' not found or unable to stat, referer: www.bing.com
[Mon Oct 28 18:33:42.527788 2024] [php7:error] [pid 9572:tid 1684] [client 172.71.124.188:30218] script 'C:/xampp/htdocs/media-admin.php' not found or unable to stat, referer: www.bing.com
[Mon Oct 28 18:33:43.027671 2024] [php7:error] [pid 9572:tid 1732] [client 172.71.81.100:10802] script 'C:/xampp/htdocs/export.php' not found or unable to stat, referer: www.bing.com
[Mon Oct 28 18:33:45.933235 2024] [php7:error] [pid 9572:tid 1716] [client 172.71.152.26:15536] script 'C:/xampp/htdocs/defau1t.php' not found or unable to stat, referer: www.bing.com
[Mon Oct 28 18:33:48.698207 2024] [php7:error] [pid 9572:tid 1732] [client 172.71.124.62:24714] script 'C:/xampp/htdocs/css.php' not found or unable to stat, referer: www.bing.com
[Mon Oct 28 18:33:50.354065 2024] [php7:error] [pid 9572:tid 1776] [client 108.162.226.75:50946] script 'C:/xampp/htdocs/moduless.php' not found or unable to stat, referer: www.bing.com
[Mon Oct 28 18:33:51.181993 2024] [php7:error] [pid 9572:tid 1716] [client 172.70.92.147:62020] script 'C:/xampp/htdocs/wp-booking.php' not found or unable to stat, referer: www.bing.com
[Mon Oct 28 18:33:52.806609 2024] [php7:error] [pid 9572:tid 1684] [client 162.158.189.52:43316] script 'C:/xampp/htdocs/config.bak.php' not found or unable to stat, referer: www.bing.com
[Mon Oct 28 18:33:53.275248 2024] [php7:error] [pid 9572:tid 1684] [client 162.158.189.52:43316] script 'C:/xampp/htdocs/legion.php' not found or unable to stat, referer: www.bing.com
[Mon Oct 28 18:33:54.306253 2024] [php7:error] [pid 9572:tid 1732] [client 172.71.124.130:21114] script 'C:/xampp/htdocs/wp-plugins.php' not found or unable to stat, referer: www.bing.com
[Mon Oct 28 18:33:54.790516 2024] [php7:error] [pid 9572:tid 1740] [client 172.71.81.100:63916] script 'C:/xampp/htdocs/gank.php.PhP' not found or unable to stat, referer: www.bing.com
[Mon Oct 28 18:33:55.790280 2024] [php7:error] [pid 9572:tid 1776] [client 162.158.190.96:22474] script 'C:/xampp/htdocs/archives.php' not found or unable to stat, referer: www.bing.com
[Mon Oct 28 18:33:56.305782 2024] [php7:error] [pid 9572:tid 1792] [client 162.158.189.88:14738] script 'C:/xampp/htdocs/xindex.php' not found or unable to stat, referer: www.bing.com
[Mon Oct 28 18:33:57.289923 2024] [php7:error] [pid 9572:tid 1724] [client 162.158.106.65:27602] script 'C:/xampp/htdocs/defau11.php' not found or unable to stat, referer: www.bing.com
[Mon Oct 28 18:33:58.274704 2024] [php7:error] [pid 9572:tid 1716] [client 162.158.106.46:13200] script 'C:/xampp/htdocs/system_log.php' not found or unable to stat, referer: www.bing.com
[Mon Oct 28 18:34:00.367959 2024] [php7:error] [pid 9572:tid 1740] [client 162.158.189.139:54892] script 'C:/xampp/htdocs/wp-backup-sql-302.php' not found or unable to stat, referer: www.bing.com
[Mon Oct 28 18:34:00.852219 2024] [php7:error] [pid 9572:tid 1804] [client 162.158.189.53:38686] script 'C:/xampp/htdocs/error.php' not found or unable to stat, referer: www.bing.com
[Mon Oct 28 18:34:35.422168 2024] [php7:error] [pid 9572:tid 1716] [client 162.158.170.54:54780] script 'C:/xampp/htdocs/about.php' not found or unable to stat, referer: www.bing.com
[Mon Oct 28 18:34:35.672109 2024] [php7:error] [pid 9572:tid 1716] [client 162.158.170.54:54780] script 'C:/xampp/htdocs/shells.php' not found or unable to stat, referer: www.bing.com
[Mon Oct 28 18:34:35.906430 2024] [php7:error] [pid 9572:tid 1716] [client 162.158.170.54:54780] script 'C:/xampp/htdocs/olux.php' not found or unable to stat, referer: www.bing.com
[Mon Oct 28 18:34:36.125128 2024] [php7:error] [pid 9572:tid 1716] [client 162.158.170.54:54780] script 'C:/xampp/htdocs/xleet.php' not found or unable to stat, referer: www.bing.com
[Mon Oct 28 18:34:36.343825 2024] [php7:error] [pid 9572:tid 1716] [client 162.158.170.54:54780] script 'C:/xampp/htdocs/wso.php' not found or unable to stat, referer: www.bing.com
[Mon Oct 28 18:34:36.578146 2024] [php7:error] [pid 9572:tid 1716] [client 162.158.170.54:54780] script 'C:/xampp/htdocs/shell.php' not found or unable to stat, referer: www.bing.com
[Mon Oct 28 18:34:36.781223 2024] [php7:error] [pid 9572:tid 1716] [client 162.158.170.54:54780] script 'C:/xampp/htdocs/up.php' not found or unable to stat, referer: www.bing.com
[Mon Oct 28 18:34:37.046786 2024] [php7:error] [pid 9572:tid 1716] [client 162.158.170.54:54780] script 'C:/xampp/htdocs/upload.php' not found or unable to stat, referer: www.bing.com
[Mon Oct 28 18:34:37.249861 2024] [php7:error] [pid 9572:tid 1716] [client 162.158.170.54:54780] script 'C:/xampp/htdocs/1.php' not found or unable to stat, referer: www.bing.com
[Mon Oct 28 18:34:37.484180 2024] [php7:error] [pid 9572:tid 1716] [client 162.158.170.54:54780] script 'C:/xampp/htdocs/x.php' not found or unable to stat, referer: www.bing.com
[Mon Oct 28 18:34:37.687258 2024] [php7:error] [pid 9572:tid 1716] [client 162.158.170.54:54780] script 'C:/xampp/htdocs/z.php' not found or unable to stat, referer: www.bing.com
[Mon Oct 28 18:34:37.921579 2024] [php7:error] [pid 9572:tid 1716] [client 162.158.170.54:54780] script 'C:/xampp/htdocs/a.php' not found or unable to stat, referer: www.bing.com
[Mon Oct 28 18:34:38.718263 2024] [php7:error] [pid 9572:tid 1716] [client 162.158.170.54:54780] script 'C:/xampp/htdocs/test.php' not found or unable to stat, referer: www.bing.com
[Mon Oct 28 18:34:38.983827 2024] [php7:error] [pid 9572:tid 1716] [client 162.158.170.54:54780] script 'C:/xampp/htdocs/wp.php' not found or unable to stat, referer: www.bing.com
[Mon Oct 28 18:34:39.202525 2024] [php7:error] [pid 9572:tid 1716] [client 162.158.170.54:54780] script 'C:/xampp/htdocs/alfa.php' not found or unable to stat, referer: www.bing.com
[Mon Oct 28 18:34:39.452467 2024] [php7:error] [pid 9572:tid 1716] [client 162.158.170.54:54780] script 'C:/xampp/htdocs/config.php' not found or unable to stat, referer: www.bing.com
[Mon Oct 28 18:40:17.604379 2024] [php7:notice] [pid 9572:tid 1716] [client 172.70.108.11:30612] PHP Deprecated: Array and string offset access syntax with curly braces is deprecated in C:\\xampp\\htdocs\\discuz\\include\\common.inc.php on line 42, referer: http://fredkuo.idv.tw/discuz/space.php
[Mon Oct 28 18:43:52.193174 2024] [php7:notice] [pid 9572:tid 1776] [client 172.70.39.91:58436] PHP Deprecated: Array and string offset access syntax with curly braces is deprecated in C:\\xampp\\htdocs\\discuz\\include\\common.inc.php on line 42
[Mon Oct 28 18:48:24.267877 2024] [php7:notice] [pid 9572:tid 1776] [client 172.68.245.226:56508] PHP Deprecated: Array and string offset access syntax with curly braces is deprecated in C:\\xampp\\htdocs\\discuz\\include\\common.inc.php on line 42
[Mon Oct 28 19:01:00.315068 2024] [php7:notice] [pid 9572:tid 1716] [client 172.70.39.53:10768] PHP Deprecated: Array and string offset access syntax with curly braces is deprecated in C:\\xampp\\htdocs\\discuz\\post.php on line 234
[Mon Oct 28 19:01:00.315068 2024] [php7:notice] [pid 9572:tid 1716] [client 172.70.39.53:10768] PHP Deprecated: Array and string offset access syntax with curly braces is deprecated in C:\\xampp\\htdocs\\discuz\\post.php on line 235
[Mon Oct 28 19:01:00.315068 2024] [php7:notice] [pid 9572:tid 1716] [client 172.70.39.53:10768] PHP Deprecated: Array and string offset access syntax with curly braces is deprecated in C:\\xampp\\htdocs\\discuz\\include\\common.inc.php on line 42
[Mon Oct 28 19:03:19.421896 2024] [php7:notice] [pid 9572:tid 1776] [client 162.158.94.83:49524] PHP Deprecated: Array and string offset access syntax with curly braces is deprecated in C:\\xampp\\htdocs\\discuz\\include\\common.inc.php on line 42, referer: http://fredkuo.idv.tw/discuz/space.php
[Mon Oct 28 19:10:47.151293 2024] [php7:error] [pid 9572:tid 1752] [client 172.70.189.67:33996] script 'C:/xampp/htdocs/xmlrpc.php' not found or unable to stat
[Mon Oct 28 19:15:01.880251 2024] [php7:error] [pid 9572:tid 1896] [client 172.71.222.51:37744] PHP Fatal error: Uncaught Error: Call to undefined function mysql_connect() in C:\\xampp\\htdocs\\FograTVI-stgOK51\\Rank.php:68\nStack trace:\n#0 {main}\n thrown in C:\\xampp\\htdocs\\FograTVI-stgOK51\\Rank.php on line 68
[Mon Oct 28 19:24:22.430962 2024] [php7:notice] [pid 9572:tid 1752] [client 172.68.245.152:25190] PHP Deprecated: Array and string offset access syntax with curly braces is deprecated in C:\\xampp\\htdocs\\discuz\\include\\common.inc.php on line 42
[Mon Oct 28 19:33:53.585855 2024] [php7:notice] [pid 9572:tid 1896] [client 172.71.23.18:39208] PHP Deprecated: Array and string offset access syntax with curly braces is deprecated in C:\\xampp\\htdocs\\discuz\\include\\common.inc.php on line 42, referer: http://fredkuo.idv.tw/discuz/space.php
[Mon Oct 28 19:43:04.201012 2024] [core:error] [pid 9572:tid 1688] [client 75.119.137.55:57262] AH00126: Invalid URI in request 'bin/sh' 'POST /cgi-bin/.%2e/.%2e/.%2e/.%2e/.%2e/.%2e/.%2e/.%2e/.%2e/.%2e/bin/sh HTTP/1.1'
[Mon Oct 28 19:43:11.293084 2024] [php7:notice] [pid 9572:tid 1896] [client 162.158.86.228:15478] PHP Deprecated: Array and string offset access syntax with curly braces is deprecated in C:\\xampp\\htdocs\\discuz\\include\\common.inc.php on line 42, referer: http://fredkuo.idv.tw/discuz/space.php
[Mon Oct 28 19:43:46.269187 2024] [cgi:error] [pid 9572:tid 1688] [client 185.208.158.107:38510] malformed header from script 'php-cgi.exe': Bad header: <br />
[Mon Oct 28 19:44:47.052274 2024] [cgi:error] [pid 9572:tid 1688] [client 185.208.158.107:38510] AH01215: PHP Deprecated: Directive 'allow_url_include' is deprecated in Unknown on line 0: C:/xampp/php/php-cgi.exe
[Mon Oct 28 19:51:23.908656 2024] [authz_core:error] [pid 9572:tid 1688] [client 172.69.22.164:20362] AH01630: client denied by server configuration: C:/xampp/webalizer/, referer: https://bc2cite.at/
[Mon Oct 28 19:58:47.799737 2024] [php7:error] [pid 9572:tid 1896] [client 172.68.245.34:34922] PHP Fatal error: Uncaught Error: Call to undefined function mysql_connect() in C:\\xampp\\htdocs\\FograTVI\\Rank.php:72\nStack trace:\n#0 {main}\n thrown in C:\\xampp\\htdocs\\FograTVI\\Rank.php on line 72
[Mon Oct 28 20:01:42.437993 2024] [php7:notice] [pid 9572:tid 1896] [client 172.68.23.206:9302] PHP Deprecated: Array and string offset access syntax with curly braces is deprecated in C:\\xampp\\htdocs\\discuz\\include\\common.inc.php on line 42
[Mon Oct 28 20:04:02.960706 2024] [authz_core:error] [pid 9572:tid 1896] [client 172.69.22.56:38706] AH01630: client denied by server configuration: C:/xampp/webalizer/, referer: https://bs2site.is/
[Mon Oct 28 20:10:37.338734 2024] [php7:notice] [pid 9572:tid 1896] [client 172.69.34.8:26618] PHP Deprecated: Array and string offset access syntax with curly braces is deprecated in C:\\xampp\\htdocs\\discuz\\include\\common.inc.php on line 42, referer: http://fredkuo.idv.tw/discuz/space.php
[Mon Oct 28 20:13:20.007358 2024] [authz_core:error] [pid 9572:tid 1896] [client 162.158.166.132:16428] AH01630: client denied by server configuration: C:/xampp/webalizer/, referer: https://bs2best.is/
[Mon Oct 28 20:13:51.749853 2024] [authz_core:error] [pid 9572:tid 1752] [client 172.69.135.2:28144] AH01630: client denied by server configuration: C:/xampp/webalizer/, referer: https://bs2site.is/
[Mon Oct 28 20:14:14.807548 2024] [php7:notice] [pid 9572:tid 1896] [client 172.71.103.100:23820] PHP Deprecated: Array and string offset access syntax with curly braces is deprecated in C:\\xampp\\htdocs\\discuz\\include\\common.inc.php on line 42, referer: http://fredkuo.idv.tw/discuz/space.php
[Mon Oct 28 20:25:42.320581 2024] [authz_core:error] [pid 9572:tid 1896] [client 172.69.134.65:47968] AH01630: client denied by server configuration: C:/xampp/webalizer/, referer: https://bs2site.is/
[Mon Oct 28 20:26:50.039569 2024] [php7:notice] [pid 9572:tid 1752] [client 172.70.35.192:16420] PHP Deprecated: Array and string offset access syntax with curly braces is deprecated in C:\\xampp\\htdocs\\discuz\\post.php on line 234
[Mon Oct 28 20:26:50.039569 2024] [php7:notice] [pid 9572:tid 1752] [client 172.70.35.192:16420] PHP Deprecated: Array and string offset access syntax with curly braces is deprecated in C:\\xampp\\htdocs\\discuz\\post.php on line 235
[Mon Oct 28 20:26:50.039569 2024] [php7:notice] [pid 9572:tid 1752] [client 172.70.35.192:16420] PHP Deprecated: Array and string offset access syntax with curly braces is deprecated in C:\\xampp\\htdocs\\discuz\\include\\common.inc.php on line 42
[Mon Oct 28 20:28:55.439481 2024] [authz_core:error] [pid 9572:tid 1896] [client 172.69.23.50:27800] AH01630: client denied by server configuration: C:/xampp/webalizer/, referer: https://bc2best.gl
[Mon Oct 28 20:39:32.477537 2024] [php7:notice] [pid 9572:tid 1896] [client 172.70.47.67:10902] PHP Deprecated: Array and string offset access syntax with curly braces is deprecated in C:\\xampp\\htdocs\\discuz\\viewthread.php on line 232
[Mon Oct 28 20:39:32.477537 2024] [php7:notice] [pid 9572:tid 1896] [client 172.70.47.67:10902] PHP Deprecated: Array and string offset access syntax with curly braces is deprecated in C:\\xampp\\htdocs\\discuz\\viewthread.php on line 233
[Mon Oct 28 20:39:32.477537 2024] [php7:notice] [pid 9572:tid 1896] [client 172.70.47.67:10902] PHP Deprecated: Array and string offset access syntax with curly braces is deprecated in C:\\xampp\\htdocs\\discuz\\viewthread.php on line 233
[Mon Oct 28 20:39:32.477537 2024] [php7:notice] [pid 9572:tid 1896] [client 172.70.47.67:10902] PHP Deprecated: Array and string offset access syntax with curly braces is deprecated in C:\\xampp\\htdocs\\discuz\\viewthread.php on line 233
[Mon Oct 28 20:39:32.477537 2024] [php7:notice] [pid 9572:tid 1896] [client 172.70.47.67:10902] PHP Deprecated: Array and string offset access syntax with curly braces is deprecated in C:\\xampp\\htdocs\\discuz\\viewthread.php on line 234
[Mon Oct 28 20:39:32.477537 2024] [php7:notice] [pid 9572:tid 1896] [client 172.70.47.67:10902] PHP Deprecated: Array and string offset access syntax with curly braces is deprecated in C:\\xampp\\htdocs\\discuz\\viewthread.php on line 234
[Mon Oct 28 20:39:32.477537 2024] [php7:notice] [pid 9572:tid 1896] [client 172.70.47.67:10902] PHP Deprecated: Array and string offset access syntax with curly braces is deprecated in C:\\xampp\\htdocs\\discuz\\viewthread.php on line 234
[Mon Oct 28 20:39:32.477537 2024] [php7:notice] [pid 9572:tid 1896] [client 172.70.47.67:10902] PHP Deprecated: Array and string offset access syntax with curly braces is deprecated in C:\\xampp\\htdocs\\discuz\\viewthread.php on line 235
[Mon Oct 28 20:39:32.477537 2024] [php7:notice] [pid 9572:tid 1896] [client 172.70.47.67:10902] PHP Deprecated: Array and string offset access syntax with curly braces is deprecated in C:\\xampp\\htdocs\\discuz\\viewthread.php on line 235
[Mon Oct 28 20:39:32.477537 2024] [php7:notice] [pid 9572:tid 1896] [client 172.70.47.67:10902] PHP Deprecated: Array and string offset access syntax with curly braces is deprecated in C:\\xampp\\htdocs\\discuz\\viewthread.php on line 235
[Mon Oct 28 20:39:32.493157 2024] [php7:notice] [pid 9572:tid 1896] [client 172.70.47.67:10902] PHP Deprecated: Array and string offset access syntax with curly braces is deprecated in C:\\xampp\\htdocs\\discuz\\include\\common.inc.php on line 42
[Mon Oct 28 20:41:12.534253 2024] [authz_core:error] [pid 9572:tid 1808] [client 172.69.134.171:14070] AH01630: client denied by server configuration: C:/xampp/webalizer/, referer: https://bc2best.gl/
[Mon Oct 28 20:47:51.822190 2024] [php7:notice] [pid 9572:tid 1808] [client 172.70.43.19:45602] PHP Deprecated: Array and string offset access syntax with curly braces is deprecated in C:\\xampp\\htdocs\\discuz\\include\\common.inc.php on line 42
[Mon Oct 28 20:54:05.020837 2024] [php7:notice] [pid 9572:tid 1808] [client 172.71.223.164:64286] PHP Deprecated: Array and string offset access syntax with curly braces is deprecated in C:\\xampp\\htdocs\\discuz\\viewthread.php on line 232
[Mon Oct 28 20:54:05.020837 2024] [php7:notice] [pid 9572:tid 1808] [client 172.71.223.164:64286] PHP Deprecated: Array and string offset access syntax with curly braces is deprecated in C:\\xampp\\htdocs\\discuz\\viewthread.php on line 233
[Mon Oct 28 20:54:05.020837 2024] [php7:notice] [pid 9572:tid 1808] [client 172.71.223.164:64286] PHP Deprecated: Array and string offset access syntax with curly braces is deprecated in C:\\xampp\\htdocs\\discuz\\viewthread.php on line 233
[Mon Oct 28 20:54:05.020837 2024] [php7:notice] [pid 9572:tid 1808] [client 172.71.223.164:64286] PHP Deprecated: Array and string offset access syntax with curly braces is deprecated in C:\\xampp\\htdocs\\discuz\\viewthread.php on line 233
[Mon Oct 28 20:54:05.020837 2024] [php7:notice] [pid 9572:tid 1808] [client 172.71.223.164:64286] PHP Deprecated: Array and string offset access syntax with curly braces is deprecated in C:\\xampp\\htdocs\\discuz\\viewthread.php on line 234
[Mon Oct 28 20:54:05.020837 2024] [php7:notice] [pid 9572:tid 1808] [client 172.71.223.164:64286] PHP Deprecated: Array and string offset access syntax with curly braces is deprecated in C:\\xampp\\htdocs\\discuz\\viewthread.php on line 234
[Mon Oct 28 20:54:05.020837 2024] [php7:notice] [pid 9572:tid 1808] [client 172.71.223.164:64286] PHP Deprecated: Array and string offset access syntax with curly braces is deprecated in C:\\xampp\\htdocs\\discuz\\viewthread.php on line 234
[Mon Oct 28 20:54:05.020837 2024] [php7:notice] [pid 9572:tid 1808] [client 172.71.223.164:64286] PHP Deprecated: Array and string offset access syntax with curly braces is deprecated in C:\\xampp\\htdocs\\discuz\\viewthread.php on line 235
[Mon Oct 28 20:54:05.020837 2024] [php7:notice] [pid 9572:tid 1808] [client 172.71.223.164:64286] PHP Deprecated: Array and string offset access syntax with curly braces is deprecated in C:\\xampp\\htdocs\\discuz\\viewthread.php on line 235
[Mon Oct 28 20:54:05.020837 2024] [php7:notice] [pid 9572:tid 1808] [client 172.71.223.164:64286] PHP Deprecated: Array and string offset access syntax with curly braces is deprecated in C:\\xampp\\htdocs\\discuz\\viewthread.php on line 235
[Mon Oct 28 20:54:05.020837 2024] [php7:notice] [pid 9572:tid 1808] [client 172.71.223.164:64286] PHP Deprecated: Array and string offset access syntax with curly braces is deprecated in C:\\xampp\\htdocs\\discuz\\include\\common.inc.php on line 42
[Mon Oct 28 20:59:57.328578 2024] [php7:notice] [pid 9572:tid 1808] [client 172.70.214.42:46448] PHP Deprecated: Array and string offset access syntax with curly braces is deprecated in C:\\xampp\\htdocs\\discuz\\include\\common.inc.php on line 42, referer: http://fredkuo.idv.tw/discuz/space.php
[Mon Oct 28 21:09:02.895480 2024] [php7:notice] [pid 9572:tid 1808] [client 172.70.135.202:38148] PHP Deprecated: Array and string offset access syntax with curly braces is deprecated in C:\\xampp\\htdocs\\discuz\\viewthread.php on line 232
[Mon Oct 28 21:09:02.895480 2024] [php7:notice] [pid 9572:tid 1808] [client 172.70.135.202:38148] PHP Deprecated: Array and string offset access syntax with curly braces is deprecated in C:\\xampp\\htdocs\\discuz\\viewthread.php on line 233
[Mon Oct 28 21:09:02.895480 2024] [php7:notice] [pid 9572:tid 1808] [client 172.70.135.202:38148] PHP Deprecated: Array and string offset access syntax with curly braces is deprecated in C:\\xampp\\htdocs\\discuz\\viewthread.php on line 233
[Mon Oct 28 21:09:02.895480 2024] [php7:notice] [pid 9572:tid 1808] [client 172.70.135.202:38148] PHP Deprecated: Array and string offset access syntax with curly braces is deprecated in C:\\xampp\\htdocs\\discuz\\viewthread.php on line 233
[Mon Oct 28 21:09:02.895480 2024] [php7:notice] [pid 9572:tid 1808] [client 172.70.135.202:38148] PHP Deprecated: Array and string offset access syntax with curly braces is deprecated in C:\\xampp\\htdocs\\discuz\\viewthread.php on line 234
[Mon Oct 28 21:09:02.895480 2024] [php7:notice] [pid 9572:tid 1808] [client 172.70.135.202:38148] PHP Deprecated: Array and string offset access syntax with curly braces is deprecated in C:\\xampp\\htdocs\\discuz\\viewthread.php on line 234
[Mon Oct 28 21:09:02.895480 2024] [php7:notice] [pid 9572:tid 1808] [client 172.70.135.202:38148] PHP Deprecated: Array and string offset access syntax with curly braces is deprecated in C:\\xampp\\htdocs\\discuz\\viewthread.php on line 234
[Mon Oct 28 21:09:02.895480 2024] [php7:notice] [pid 9572:tid 1808] [client 172.70.135.202:38148] PHP Deprecated: Array and string offset access syntax with curly braces is deprecated in C:\\xampp\\htdocs\\discuz\\viewthread.php on line 235
[Mon Oct 28 21:09:02.895480 2024] [php7:notice] [pid 9572:tid 1808] [client 172.70.135.202:38148] PHP Deprecated: Array and string offset access syntax with curly braces is deprecated in C:\\xampp\\htdocs\\discuz\\viewthread.php on line 235
[Mon Oct 28 21:09:02.895480 2024] [php7:notice] [pid 9572:tid 1808] [client 172.70.135.202:38148] PHP Deprecated: Array and string offset access syntax with curly braces is deprecated in C:\\xampp\\htdocs\\discuz\\viewthread.php on line 235
[Mon Oct 28 21:09:02.895480 2024] [php7:notice] [pid 9572:tid 1808] [client 172.70.135.202:38148] PHP Deprecated: Array and string offset access syntax with curly braces is deprecated in C:\\xampp\\htdocs\\discuz\\include\\common.inc.php on line 42
[Mon Oct 28 21:10:16.128804 2024] [php7:notice] [pid 9572:tid 1896] [client 172.71.131.206:32854] PHP Deprecated: Array and string offset access syntax with curly braces is deprecated in C:\\xampp\\htdocs\\discuz\\include\\common.inc.php on line 42, referer: http://fredkuo.idv.tw/discuz/space.php
[Mon Oct 28 21:10:40.163341 2024] [php7:error] [pid 9572:tid 1808] [client 172.71.99.22:11378] script 'C:/xampp/htdocs/wp-login.php' not found or unable to stat
[Mon Oct 28 21:12:51.586570 2024] [php7:notice] [pid 9572:tid 1808] [client 172.71.127.75:28310] PHP Deprecated: Array and string offset access syntax with curly braces is deprecated in C:\\xampp\\htdocs\\discuz\\include\\common.inc.php on line 42, referer: http://fredkuo.idv.tw/discuz/space.php
[Mon Oct 28 21:16:23.627388 2024] [php7:error] [pid 9572:tid 1808] [client 78.153.140.151:42716] script 'C:/xampp/htdocs/app_dev.php' not found or unable to stat
[Mon Oct 28 21:16:24.220997 2024] [php7:error] [pid 9572:tid 1808] [client 78.153.140.151:49120] script 'C:/xampp/htdocs/app_dev.php' not found or unable to stat
[Mon Oct 28 21:16:31.922890 2024] [php7:error] [pid 9572:tid 1808] [client 78.153.140.151:58974] script 'C:/xampp/htdocs/infophp.php' not found or unable to stat
[Mon Oct 28 21:16:33.781825 2024] [php7:error] [pid 9572:tid 1808] [client 78.153.140.151:52920] script 'C:/xampp/htdocs/phpinfo.php' not found or unable to stat
[Mon Oct 28 21:16:34.375433 2024] [php7:error] [pid 9572:tid 1808] [client 78.153.140.151:60918] script 'C:/xampp/htdocs/phpinfos.php' not found or unable to stat
[Mon Oct 28 21:16:34.984668 2024] [php7:error] [pid 9572:tid 1808] [client 78.153.140.151:40644] script 'C:/xampp/htdocs/pinfo.php' not found or unable to stat
[Mon Oct 28 21:18:12.578581 2024] [php7:notice] [pid 9572:tid 1896] [client 172.70.247.105:56342] PHP Deprecated: Array and string offset access syntax with curly braces is deprecated in C:\\xampp\\htdocs\\discuz\\include\\common.inc.php on line 42, referer: http://fredkuo.idv.tw/discuz/space.php
[Mon Oct 28 21:22:37.627738 2024] [php7:notice] [pid 9572:tid 1740] [client 172.71.172.172:40186] PHP Deprecated: Array and string offset access syntax with curly braces is deprecated in C:\\xampp\\htdocs\\discuz\\include\\common.inc.php on line 42, referer: http://fredkuo.idv.tw/discuz/space.php
[Mon Oct 28 21:22:46.625610 2024] [php7:notice] [pid 9572:tid 1808] [client 172.70.35.203:20598] PHP Deprecated: Array and string offset access syntax with curly braces is deprecated in C:\\xampp\\htdocs\\discuz\\post.php on line 234
[Mon Oct 28 21:22:46.625610 2024] [php7:notice] [pid 9572:tid 1808] [client 172.70.35.203:20598] PHP Deprecated: Array and string offset access syntax with curly braces is deprecated in C:\\xampp\\htdocs\\discuz\\post.php on line 235
[Mon Oct 28 21:22:46.625610 2024] [php7:notice] [pid 9572:tid 1808] [client 172.70.35.203:20598] PHP Deprecated: Array and string offset access syntax with curly braces is deprecated in C:\\xampp\\htdocs\\discuz\\include\\common.inc.php on line 42
[Mon Oct 28 21:38:06.191493 2024] [php7:error] [pid 9572:tid 1896] [client 172.71.98.167:13250] script 'C:/xampp/htdocs/wp-login.php' not found or unable to stat
[Mon Oct 28 22:09:00.200404 2024] [php7:notice] [pid 9572:tid 1896] [client 172.68.245.182:55678] PHP Deprecated: Array and string offset access syntax with curly braces is deprecated in C:\\xampp\\htdocs\\discuz\\include\\common.inc.php on line 42
[Mon Oct 28 22:10:22.572145 2024] [php7:notice] [pid 9572:tid 1808] [client 172.70.34.152:9514] PHP Deprecated: Array and string offset access syntax with curly braces is deprecated in C:\\xampp\\htdocs\\discuz\\include\\common.inc.php on line 42
[Mon Oct 28 22:15:45.419831 2024] [php7:notice] [pid 9572:tid 1896] [client 172.70.214.229:34968] PHP Deprecated: Array and string offset access syntax with curly braces is deprecated in C:\\xampp\\htdocs\\discuz\\include\\common.inc.php on line 42, referer: http://fredkuo.idv.tw/discuz/space.php
[Mon Oct 28 22:19:45.090371 2024] [php7:notice] [pid 9572:tid 1808] [client 172.68.245.88:57408] PHP Deprecated: Array and string offset access syntax with curly braces is deprecated in C:\\xampp\\htdocs\\discuz\\post.php on line 234
[Mon Oct 28 22:19:45.090371 2024] [php7:notice] [pid 9572:tid 1808] [client 172.68.245.88:57408] PHP Deprecated: Array and string offset access syntax with curly braces is deprecated in C:\\xampp\\htdocs\\discuz\\post.php on line 235
[Mon Oct 28 22:19:45.105994 2024] [php7:notice] [pid 9572:tid 1808] [client 172.68.245.88:57408] PHP Deprecated: Array and string offset access syntax with curly braces is deprecated in C:\\xampp\\htdocs\\discuz\\include\\common.inc.php on line 42
[Mon Oct 28 22:20:39.868012 2024] [php7:notice] [pid 9572:tid 1808] [client 172.71.144.166:11748] PHP Deprecated: Array and string offset access syntax with curly braces is deprecated in C:\\xampp\\htdocs\\discuz\\include\\common.inc.php on line 42
[Mon Oct 28 22:22:53.040890 2024] [php7:notice] [pid 9572:tid 1808] [client 172.71.223.137:14728] PHP Deprecated: Array and string offset access syntax with curly braces is deprecated in C:\\xampp\\htdocs\\discuz\\include\\common.inc.php on line 42
[Mon Oct 28 22:23:04.809805 2024] [php7:notice] [pid 9572:tid 1896] [client 172.71.215.71:10430] PHP Deprecated: Array and string offset access syntax with curly braces is deprecated in C:\\xampp\\htdocs\\discuz\\viewthread.php on line 232
[Mon Oct 28 22:23:04.809805 2024] [php7:notice] [pid 9572:tid 1896] [client 172.71.215.71:10430] PHP Deprecated: Array and string offset access syntax with curly braces is deprecated in C:\\xampp\\htdocs\\discuz\\viewthread.php on line 233
[Mon Oct 28 22:23:04.809805 2024] [php7:notice] [pid 9572:tid 1896] [client 172.71.215.71:10430] PHP Deprecated: Array and string offset access syntax with curly braces is deprecated in C:\\xampp\\htdocs\\discuz\\viewthread.php on line 233
[Mon Oct 28 22:23:04.809805 2024] [php7:notice] [pid 9572:tid 1896] [client 172.71.215.71:10430] PHP Deprecated: Array and string offset access syntax with curly braces is deprecated in C:\\xampp\\htdocs\\discuz\\viewthread.php on line 233
[Mon Oct 28 22:23:04.809805 2024] [php7:notice] [pid 9572:tid 1896] [client 172.71.215.71:10430] PHP Deprecated: Array and string offset access syntax with curly braces is deprecated in C:\\xampp\\htdocs\\discuz\\viewthread.php on line 234
[Mon Oct 28 22:23:04.809805 2024] [php7:notice] [pid 9572:tid 1896] [client 172.71.215.71:10430] PHP Deprecated: Array and string offset access syntax with curly braces is deprecated in C:\\xampp\\htdocs\\discuz\\viewthread.php on line 234
[Mon Oct 28 22:23:04.809805 2024] [php7:notice] [pid 9572:tid 1896] [client 172.71.215.71:10430] PHP Deprecated: Array and string offset access syntax with curly braces is deprecated in C:\\xampp\\htdocs\\discuz\\viewthread.php on line 234
[Mon Oct 28 22:23:04.809805 2024] [php7:notice] [pid 9572:tid 1896] [client 172.71.215.71:10430] PHP Deprecated: Array and string offset access syntax with curly braces is deprecated in C:\\xampp\\htdocs\\discuz\\viewthread.php on line 235
[Mon Oct 28 22:23:04.809805 2024] [php7:notice] [pid 9572:tid 1896] [client 172.71.215.71:10430] PHP Deprecated: Array and string offset access syntax with curly braces is deprecated in C:\\xampp\\htdocs\\discuz\\viewthread.php on line 235
[Mon Oct 28 22:23:04.809805 2024] [php7:notice] [pid 9572:tid 1896] [client 172.71.215.71:10430] PHP Deprecated: Array and string offset access syntax with curly braces is deprecated in C:\\xampp\\htdocs\\discuz\\viewthread.php on line 235
[Mon Oct 28 22:23:04.809805 2024] [php7:notice] [pid 9572:tid 1896] [client 172.71.215.71:10430] PHP Deprecated: Array and string offset access syntax with curly braces is deprecated in C:\\xampp\\htdocs\\discuz\\include\\common.inc.php on line 42
[Mon Oct 28 22:23:05.090990 2024] [php7:notice] [pid 9572:tid 1896] [client 172.71.215.71:10430] PHP Deprecated: Array and string offset access syntax with curly braces is deprecated in C:\\xampp\\htdocs\\discuz\\viewthread.php on line 232
[Mon Oct 28 22:23:05.090990 2024] [php7:notice] [pid 9572:tid 1896] [client 172.71.215.71:10430] PHP Deprecated: Array and string offset access syntax with curly braces is deprecated in C:\\xampp\\htdocs\\discuz\\viewthread.php on line 233
[Mon Oct 28 22:23:05.090990 2024] [php7:notice] [pid 9572:tid 1896] [client 172.71.215.71:10430] PHP Deprecated: Array and string offset access syntax with curly braces is deprecated in C:\\xampp\\htdocs\\discuz\\viewthread.php on line 233
[Mon Oct 28 22:23:05.090990 2024] [php7:notice] [pid 9572:tid 1896] [client 172.71.215.71:10430] PHP Deprecated: Array and string offset access syntax with curly braces is deprecated in C:\\xampp\\htdocs\\discuz\\viewthread.php on line 233
[Mon Oct 28 22:23:05.090990 2024] [php7:notice] [pid 9572:tid 1896] [client 172.71.215.71:10430] PHP Deprecated: Array and string offset access syntax with curly braces is deprecated in C:\\xampp\\htdocs\\discuz\\viewthread.php on line 234
[Mon Oct 28 22:23:05.090990 2024] [php7:notice] [pid 9572:tid 1896] [client 172.71.215.71:10430] PHP Deprecated: Array and string offset access syntax with curly braces is deprecated in C:\\xampp\\htdocs\\discuz\\viewthread.php on line 234
[Mon Oct 28 22:23:05.090990 2024] [php7:notice] [pid 9572:tid 1896] [client 172.71.215.71:10430] PHP Deprecated: Array and string offset access syntax with curly braces is deprecated in C:\\xampp\\htdocs\\discuz\\viewthread.php on line 234
[Mon Oct 28 22:23:05.090990 2024] [php7:notice] [pid 9572:tid 1896] [client 172.71.215.71:10430] PHP Deprecated: Array and string offset access syntax with curly braces is deprecated in C:\\xampp\\htdocs\\discuz\\viewthread.php on line 235
[Mon Oct 28 22:23:05.090990 2024] [php7:notice] [pid 9572:tid 1896] [client 172.71.215.71:10430] PHP Deprecated: Array and string offset access syntax with curly braces is deprecated in C:\\xampp\\htdocs\\discuz\\viewthread.php on line 235
[Mon Oct 28 22:23:05.090990 2024] [php7:notice] [pid 9572:tid 1896] [client 172.71.215.71:10430] PHP Deprecated: Array and string offset access syntax with curly braces is deprecated in C:\\xampp\\htdocs\\discuz\\viewthread.php on line 235
[Mon Oct 28 22:23:05.090990 2024] [php7:notice] [pid 9572:tid 1896] [client 172.71.215.71:10430] PHP Deprecated: Array and string offset access syntax with curly braces is deprecated in C:\\xampp\\htdocs\\discuz\\include\\common.inc.php on line 42
[Mon Oct 28 22:23:21.462120 2024] [php7:notice] [pid 9572:tid 1896] [client 172.68.245.84:18756] PHP Deprecated: Array and string offset access syntax with curly braces is deprecated in C:\\xampp\\htdocs\\discuz\\include\\common.inc.php on line 42
[Mon Oct 28 22:31:42.070804 2024] [php7:notice] [pid 9572:tid 1808] [client 172.68.245.205:9344] PHP Deprecated: Array and string offset access syntax with curly braces is deprecated in C:\\xampp\\htdocs\\discuz\\include\\common.inc.php on line 42
[Mon Oct 28 22:45:30.043503 2024] [php7:notice] [pid 9572:tid 1752] [client 172.68.245.160:30242] PHP Deprecated: Array and string offset access syntax with curly braces is deprecated in C:\\xampp\\htdocs\\discuz\\post.php on line 234
[Mon Oct 28 22:45:30.043503 2024] [php7:notice] [pid 9572:tid 1752] [client 172.68.245.160:30242] PHP Deprecated: Array and string offset access syntax with curly braces is deprecated in C:\\xampp\\htdocs\\discuz\\post.php on line 235
[Mon Oct 28 22:45:30.043503 2024] [php7:notice] [pid 9572:tid 1752] [client 172.68.245.160:30242] PHP Deprecated: Array and string offset access syntax with curly braces is deprecated in C:\\xampp\\htdocs\\discuz\\include\\common.inc.php on line 42
[Mon Oct 28 22:46:18.266473 2024] [php7:notice] [pid 9572:tid 1752] [client 172.70.46.202:55688] PHP Deprecated: Array and string offset access syntax with curly braces is deprecated in C:\\xampp\\htdocs\\discuz\\include\\common.inc.php on line 42, referer: http://fredkuo.idv.tw/discuz/space.php
[Mon Oct 28 22:47:05.880799 2024] [php7:notice] [pid 9572:tid 1752] [client 172.70.43.206:29970] PHP Deprecated: Array and string offset access syntax with curly braces is deprecated in C:\\xampp\\htdocs\\discuz\\include\\common.inc.php on line 42
[Mon Oct 28 22:57:23.949880 2024] [php7:notice] [pid 9572:tid 1752] [client 172.71.222.41:65308] PHP Deprecated: Array and string offset access syntax with curly braces is deprecated in C:\\xampp\\htdocs\\discuz\\post.php on line 234
[Mon Oct 28 22:57:23.949880 2024] [php7:notice] [pid 9572:tid 1752] [client 172.71.222.41:65308] PHP Deprecated: Array and string offset access syntax with curly braces is deprecated in C:\\xampp\\htdocs\\discuz\\post.php on line 235
[Mon Oct 28 22:57:23.949880 2024] [php7:notice] [pid 9572:tid 1752] [client 172.71.222.41:65308] PHP Deprecated: Array and string offset access syntax with curly braces is deprecated in C:\\xampp\\htdocs\\discuz\\include\\common.inc.php on line 42
[Mon Oct 28 23:09:39.404242 2024] [php7:notice] [pid 9572:tid 1808] [client 162.158.95.28:34504] PHP Deprecated: Array and string offset access syntax with curly braces is deprecated in C:\\xampp\\htdocs\\discuz\\include\\common.inc.php on line 42, referer: http://fredkuo.idv.tw/discuz/space.php
[Mon Oct 28 23:11:45.394427 2024] [php7:notice] [pid 9572:tid 1808] [client 172.71.223.150:64548] PHP Deprecated: Array and string offset access syntax with curly braces is deprecated in C:\\xampp\\htdocs\\discuz\\post.php on line 234
[Mon Oct 28 23:11:45.394427 2024] [php7:notice] [pid 9572:tid 1808] [client 172.71.223.150:64548] PHP Deprecated: Array and string offset access syntax with curly braces is deprecated in C:\\xampp\\htdocs\\discuz\\post.php on line 235
[Mon Oct 28 23:11:45.394427 2024] [php7:notice] [pid 9572:tid 1808] [client 172.71.223.150:64548] PHP Deprecated: Array and string offset access syntax with curly braces is deprecated in C:\\xampp\\htdocs\\discuz\\include\\common.inc.php on line 42
[Mon Oct 28 23:12:31.602853 2024] [php7:error] [pid 9572:tid 1808] [client 172.70.100.153:36296] script 'C:/xampp/htdocs/wp-login.php' not found or unable to stat
[Mon Oct 28 23:22:45.787809 2024] [php7:notice] [pid 9572:tid 1752] [client 162.158.79.80:33508] PHP Deprecated: Array and string offset access syntax with curly braces is deprecated in C:\\xampp\\htdocs\\discuz\\post.php on line 234
[Mon Oct 28 23:22:45.787809 2024] [php7:notice] [pid 9572:tid 1752] [client 162.158.79.80:33508] PHP Deprecated: Array and string offset access syntax with curly braces is deprecated in C:\\xampp\\htdocs\\discuz\\post.php on line 235
[Mon Oct 28 23:22:45.787809 2024] [php7:notice] [pid 9572:tid 1752] [client 162.158.79.80:33508] PHP Deprecated: Array and string offset access syntax with curly braces is deprecated in C:\\xampp\\htdocs\\discuz\\include\\common.inc.php on line 42
[Mon Oct 28 23:24:54.341911 2024] [php7:notice] [pid 9572:tid 1752] [client 172.70.47.121:38470] PHP Deprecated: Array and string offset access syntax with curly braces is deprecated in C:\\xampp\\htdocs\\discuz\\include\\common.inc.php on line 42, referer: http://fredkuo.idv.tw/discuz/space.php
[Mon Oct 28 23:26:18.625077 2024] [php7:notice] [pid 9572:tid 1808] [client 172.71.134.132:42816] PHP Deprecated: Array and string offset access syntax with curly braces is deprecated in C:\\xampp\\htdocs\\discuz\\include\\common.inc.php on line 42, referer: https://fredkuo.idv.tw/discuz/register.php
[Mon Oct 28 23:31:21.149211 2024] [php7:error] [pid 9572:tid 1752] [client 172.71.81.47:60416] PHP Fatal error: Uncaught Error: Call to undefined function mysql_connect() in C:\\xampp\\htdocs\\FograTVI-stgOK51\\Rank.php:68\nStack trace:\n#0 {main}\n thrown in C:\\xampp\\htdocs\\FograTVI-stgOK51\\Rank.php on line 68
[Mon Oct 28 23:33:18.108502 2024] [php7:notice] [pid 9572:tid 1752] [client 172.68.244.175:65470] PHP Deprecated: Array and string offset access syntax with curly braces is deprecated in C:\\xampp\\htdocs\\discuz\\include\\common.inc.php on line 42
[Mon Oct 28 23:37:39.271526 2024] [php7:notice] [pid 9572:tid 1752] [client 172.68.15.154:20508] PHP Deprecated: Array and string offset access syntax with curly braces is deprecated in C:\\xampp\\htdocs\\discuz\\include\\common.inc.php on line 42
[Mon Oct 28 23:50:52.205851 2024] [php7:notice] [pid 9572:tid 1808] [client 172.70.38.49:58680] PHP Deprecated: Array and string offset access syntax with curly braces is deprecated in C:\\xampp\\htdocs\\discuz\\include\\common.inc.php on line 42
[Mon Oct 28 23:55:01.033702 2024] [php7:notice] [pid 9572:tid 1808] [client 172.70.38.180:14746] PHP Deprecated: Array and string offset access syntax with curly braces is deprecated in C:\\xampp\\htdocs\\discuz\\post.php on line 234
[Mon Oct 28 23:55:01.033702 2024] [php7:notice] [pid 9572:tid 1808] [client 172.70.38.180:14746] PHP Deprecated: Array and string offset access syntax with curly braces is deprecated in C:\\xampp\\htdocs\\discuz\\post.php on line 235
[Mon Oct 28 23:55:01.033702 2024] [php7:notice] [pid 9572:tid 1808] [client 172.70.38.180:14746] PHP Deprecated: Array and string offset access syntax with curly braces is deprecated in C:\\xampp\\htdocs\\discuz\\include\\common.inc.php on line 42
[Tue Oct 29 00:07:42.292456 2024] [php7:notice] [pid 9572:tid 1740] [client 172.68.245.176:33888] PHP Deprecated: Array and string offset access syntax with curly braces is deprecated in C:\\xampp\\htdocs\\discuz\\include\\common.inc.php on line 42
[Tue Oct 29 00:09:51.258801 2024] [cgi:error] [pid 9572:tid 1740] [client 185.224.128.83:38064] AH02811: script not found or unable to stat: C:/xampp/cgi-bin/luci
[Tue Oct 29 00:13:41.479264 2024] [cgi:error] [pid 9572:tid 1740] [client 185.16.38.232:41730] AH02811: script not found or unable to stat: C:/xampp/cgi-bin/luci
[Tue Oct 29 00:15:07.663191 2024] [php7:notice] [pid 9572:tid 1752] [client 172.70.35.154:62836] PHP Deprecated: Array and string offset access syntax with curly braces is deprecated in C:\\xampp\\htdocs\\discuz\\include\\common.inc.php on line 42
[Tue Oct 29 00:16:13.778086 2024] [php7:notice] [pid 9572:tid 1752] [client 172.69.33.92:33772] PHP Deprecated: Array and string offset access syntax with curly braces is deprecated in C:\\xampp\\htdocs\\discuz\\include\\common.inc.php on line 42, referer: http://fredkuo.idv.tw/discuz/space.php
[Tue Oct 29 00:16:48.692286 2024] [php7:notice] [pid 9572:tid 1740] [client 141.101.68.53:41498] PHP Deprecated: Array and string offset access syntax with curly braces is deprecated in C:\\xampp\\htdocs\\discuz\\include\\common.inc.php on line 42, referer: http://fredkuo.idv.tw/discuz/index.php
[Tue Oct 29 00:18:41.855176 2024] [php7:notice] [pid 9572:tid 1740] [client 172.71.190.94:15616] PHP Deprecated: Array and string offset access syntax with curly braces is deprecated in C:\\xampp\\htdocs\\discuz\\post.php on line 234
[Tue Oct 29 00:18:41.855176 2024] [php7:notice] [pid 9572:tid 1740] [client 172.71.190.94:15616] PHP Deprecated: Array and string offset access syntax with curly braces is deprecated in C:\\xampp\\htdocs\\discuz\\post.php on line 235
[Tue Oct 29 00:18:41.855176 2024] [php7:notice] [pid 9572:tid 1740] [client 172.71.190.94:15616] PHP Deprecated: Array and string offset access syntax with curly braces is deprecated in C:\\xampp\\htdocs\\discuz\\include\\common.inc.php on line 42
[Tue Oct 29 00:19:13.332682 2024] [php7:notice] [pid 9572:tid 1740] [client 162.158.79.73:34402] PHP Deprecated: Array and string offset access syntax with curly braces is deprecated in C:\\xampp\\htdocs\\discuz\\include\\common.inc.php on line 42
[Tue Oct 29 00:26:35.221950 2024] [php7:notice] [pid 9572:tid 1740] [client 172.71.223.114:10482] PHP Deprecated: Array and string offset access syntax with curly braces is deprecated in C:\\xampp\\htdocs\\discuz\\post.php on line 234
[Tue Oct 29 00:26:35.221950 2024] [php7:notice] [pid 9572:tid 1740] [client 172.71.223.114:10482] PHP Deprecated: Array and string offset access syntax with curly braces is deprecated in C:\\xampp\\htdocs\\discuz\\post.php on line 235
[Tue Oct 29 00:26:35.221950 2024] [php7:notice] [pid 9572:tid 1740] [client 172.71.223.114:10482] PHP Deprecated: Array and string offset access syntax with curly braces is deprecated in C:\\xampp\\htdocs\\discuz\\include\\common.inc.php on line 42
[Tue Oct 29 00:26:57.544794 2024] [php7:error] [pid 9572:tid 1740] [client 172.71.182.146:64604] script 'C:/xampp/htdocs/wp-login.php' not found or unable to stat
[Tue Oct 29 00:44:12.471580 2024] [php7:notice] [pid 9572:tid 1752] [client 172.68.245.60:48996] PHP Deprecated: Array and string offset access syntax with curly braces is deprecated in C:\\xampp\\htdocs\\discuz\\include\\common.inc.php on line 42
[Tue Oct 29 01:00:08.352234 2024] [php7:error] [pid 9572:tid 1740] [client 172.70.135.111:64052] PHP Fatal error: Uncaught Error: Call to undefined function mysql_connect() in C:\\xampp\\htdocs\\FograTVI\\Rank.php:72\nStack trace:\n#0 {main}\n thrown in C:\\xampp\\htdocs\\FograTVI\\Rank.php on line 72
[Tue Oct 29 01:01:49.139438 2024] [php7:notice] [pid 9572:tid 1740] [client 172.69.109.6:62934] PHP Deprecated: Array and string offset access syntax with curly braces is deprecated in C:\\xampp\\htdocs\\discuz\\logging.php on line 85, referer: http://fredkuo.idv.tw/discuz/logging.php?action=login
[Tue Oct 29 01:01:49.139438 2024] [php7:notice] [pid 9572:tid 1740] [client 172.69.109.6:62934] PHP Deprecated: Array and string offset access syntax with curly braces is deprecated in C:\\xampp\\htdocs\\discuz\\include\\common.inc.php on line 42, referer: http://fredkuo.idv.tw/discuz/logging.php?action=login
[Tue Oct 29 01:17:26.196241 2024] [php7:error] [pid 9572:tid 1752] [client 172.71.99.52:13236] script 'C:/xampp/htdocs/wp-login.php' not found or unable to stat
[Tue Oct 29 01:19:46.184429 2024] [php7:notice] [pid 9572:tid 1740] [client 172.70.135.215:33378] PHP Deprecated: Array and string offset access syntax with curly braces is deprecated in C:\\xampp\\htdocs\\discuz\\post.php on line 234
[Tue Oct 29 01:19:46.184429 2024] [php7:notice] [pid 9572:tid 1740] [client 172.70.135.215:33378] PHP Deprecated: Array and string offset access syntax with curly braces is deprecated in C:\\xampp\\htdocs\\discuz\\post.php on line 235
[Tue Oct 29 01:19:46.215672 2024] [php7:notice] [pid 9572:tid 1740] [client 172.70.135.215:33378] PHP Deprecated: Array and string offset access syntax with curly braces is deprecated in C:\\xampp\\htdocs\\discuz\\include\\common.inc.php on line 42
[Tue Oct 29 01:31:51.532294 2024] [php7:error] [pid 9572:tid 1752] [client 162.158.230.5:26642] script 'C:/xampp/htdocs/wp-login.php' not found or unable to stat
[Tue Oct 29 01:34:27.866522 2024] [php7:notice] [pid 9572:tid 1752] [client 141.101.96.59:29312] PHP Deprecated: Array and string offset access syntax with curly braces is deprecated in C:\\xampp\\htdocs\\discuz\\include\\common.inc.php on line 42, referer: http://fredkuo.idv.tw/discuz/space.php
[Tue Oct 29 01:42:19.096819 2024] [php7:notice] [pid 9572:tid 1808] [client 172.71.194.91:34652] PHP Deprecated: Array and string offset access syntax with curly braces is deprecated in C:\\xampp\\htdocs\\discuz\\include\\common.inc.php on line 42
[Tue Oct 29 01:50:33.041296 2024] [php7:notice] [pid 9572:tid 1740] [client 172.70.214.246:56352] PHP Deprecated: Array and string offset access syntax with curly braces is deprecated in C:\\xampp\\htdocs\\discuz\\include\\common.inc.php on line 42, referer: http://fredkuo.idv.tw/discuz/space.php
[Tue Oct 29 01:52:23.671967 2024] [php7:notice] [pid 9572:tid 1752] [client 172.70.206.254:21406] PHP Deprecated: Array and string offset access syntax with curly braces is deprecated in C:\\xampp\\htdocs\\discuz\\include\\common.inc.php on line 42, referer: http://fredkuo.idv.tw/discuz/space.php
[Tue Oct 29 01:59:51.969262 2024] [php7:error] [pid 9572:tid 1740] [client 172.70.46.203:11172] script 'C:/xampp/htdocs/wp-login.php' not found or unable to stat
